CRAN Package Check Results for Package hackeRnews

Last updated on 2024-02-20 18:49:24 CET.

Flavor Version Tinstall Tcheck Ttotal Status Flags
r-devel-linux-x86_64-debian-clang 0.1.0 NOTE
r-devel-linux-x86_64-debian-gcc 0.1.0 2.30 30.55 32.85 NOTE
r-devel-linux-x86_64-fedora-clang 0.1.0 50.32 NOTE
r-devel-linux-x86_64-fedora-gcc 0.1.0 62.77 NOTE
r-devel-windows-x86_64 0.1.0 4.00 73.00 77.00 NOTE
r-patched-linux-x86_64 0.1.0 3.44 38.23 41.67 NOTE
r-release-linux-x86_64 0.1.0 3.06 36.52 39.58 NOTE
r-release-macos-arm64 0.1.0 41.00 NOTE
r-release-macos-x86_64 0.1.0 58.00 NOTE
r-release-windows-x86_64 0.1.0 6.00 63.00 69.00 NOTE
r-oldrel-macos-arm64 0.1.0 38.00 NOTE
r-oldrel-windows-x86_64 0.1.0 5.00 70.00 75.00 NOTE

Check Details

Version: 0.1.0
Check: LazyData
Result: NOTE 'LazyData' is specified without a 'data' directory Flavors: r-devel-linux-x86_64-debian-clang, r-devel-linux-x86_64-debian-gcc, r-devel-linux-x86_64-fedora-clang, r-devel-linux-x86_64-fedora-gcc, r-devel-windows-x86_64, r-patched-linux-x86_64, r-release-linux-x86_64, r-release-macos-arm64, r-release-macos-x86_64, r-release-windows-x86_64, r-oldrel-macos-arm64, r-oldrel-windows-x86_64