CRAN Package Check Results for Package haldensify

Last updated on 2024-07-22 20:55:44 CEST.

Flavor Version Tinstall Tcheck Ttotal Status Flags
r-devel-linux-x86_64-debian-clang 0.2.3 11.13 595.05 606.18 OK
r-devel-linux-x86_64-debian-gcc 0.2.3 11.13 477.74 488.87 NOTE
r-devel-linux-x86_64-fedora-clang 0.2.3 735.16 OK
r-devel-linux-x86_64-fedora-gcc 0.2.3 782.11 OK
r-devel-windows-x86_64 0.2.3 13.00 409.00 422.00 NOTE
r-patched-linux-x86_64 0.2.3 17.00 640.17 657.17 OK
r-release-linux-x86_64 0.2.3 8.80 623.80 632.60 OK
r-release-macos-arm64 0.2.3 233.00 OK
r-release-macos-x86_64 0.2.3 447.00 OK
r-release-windows-x86_64 0.2.3 13.00 408.00 421.00 OK
r-oldrel-macos-arm64 0.2.3 259.00 OK
r-oldrel-macos-x86_64 0.2.3 376.00 OK
r-oldrel-windows-x86_64 0.2.3 17.00 545.00 562.00 OK

Check Details

Version: 0.2.3
Check: Rd cross-references
Result: NOTE Found the following Rd file(s) with Rd \link{} targets missing package anchors: format_long_hazards.Rd: data.table Please provide package anchors for all Rd \link{} targets not in the package itself and the base packages. Flavors: r-devel-linux-x86_64-debian-gcc, r-devel-windows-x86_64