CRAN Package Check Results for Package healthfinance

Last updated on 2024-07-13 19:54:02 CEST.

Flavor Version Tinstall Tcheck Ttotal Status Flags
r-devel-linux-x86_64-debian-clang 0.1.0 8.53 67.65 76.18 NOTE
r-devel-linux-x86_64-debian-gcc 0.1.0 6.22 50.21 56.43 NOTE
r-devel-linux-x86_64-fedora-clang 0.1.0 95.75 NOTE
r-devel-linux-x86_64-fedora-gcc 0.1.0 89.37 NOTE
r-devel-windows-x86_64 0.1.0 8.00 67.00 75.00 NOTE
r-patched-linux-x86_64 0.1.0 6.98 67.15 74.13 NOTE
r-release-linux-x86_64 0.1.0 4.33 64.28 68.61 NOTE
r-release-macos-arm64 0.1.0 30.00 NOTE
r-release-macos-x86_64 0.1.0 63.00 NOTE
r-release-windows-x86_64 0.1.0 10.00 68.00 78.00 NOTE
r-oldrel-macos-arm64 0.1.0 32.00 NOTE
r-oldrel-macos-x86_64 0.1.0 46.00 NOTE
r-oldrel-windows-x86_64 0.1.0 11.00 78.00 89.00 NOTE

Check Details

Version: 0.1.0
Check: LazyData
Result: NOTE 'LazyData' is specified without a 'data' directory Flavors: r-devel-linux-x86_64-debian-clang, r-devel-linux-x86_64-debian-gcc, r-devel-linux-x86_64-fedora-clang, r-devel-linux-x86_64-fedora-gcc, r-devel-windows-x86_64, r-patched-linux-x86_64, r-release-linux-x86_64, r-release-macos-arm64, r-release-macos-x86_64, r-release-windows-x86_64, r-oldrel-macos-arm64, r-oldrel-macos-x86_64, r-oldrel-windows-x86_64