Last updated on 2023-12-11 18:53:30 CET.
Flavor | Version | Tinstall | Tcheck | Ttotal | Status | Flags |
---|---|---|---|---|---|---|
r-devel-linux-x86_64-debian-clang | 0.3.0 | 23.13 | 252.48 | 275.61 | OK | |
r-devel-linux-x86_64-debian-gcc | 0.3.0 | 17.02 | 184.85 | 201.87 | OK | |
r-devel-linux-x86_64-fedora-clang | 0.3.0 | 336.17 | NOTE | |||
r-devel-linux-x86_64-fedora-gcc | 0.3.0 | 354.76 | OK | |||
r-devel-windows-x86_64 | 0.3.0 | 22.00 | 219.00 | 241.00 | NOTE | |
r-patched-linux-x86_64 | 0.3.0 | 18.99 | 240.98 | 259.97 | OK | |
r-release-linux-x86_64 | 0.3.0 | 18.87 | 244.15 | 263.02 | OK | |
r-release-macos-arm64 | 0.3.0 | 92.00 | NOTE | |||
r-release-macos-x86_64 | 0.3.0 | 242.00 | NOTE | |||
r-release-windows-x86_64 | 0.3.0 | 27.00 | 271.00 | 298.00 | NOTE | |
r-oldrel-macos-arm64 | 0.3.0 | 98.00 | NOTE | |||
r-oldrel-macos-x86_64 | 0.2.11 | 121.00 | NOTE | |||
r-oldrel-windows-x86_64 | 0.3.0 | 30.00 | 253.00 | 283.00 | NOTE |
Version: 0.3.0
Check: installed package size
Result: NOTE
installed size is 6.2Mb
sub-directories of 1Mb or more:
doc 5.2Mb
Flavors: r-devel-linux-x86_64-fedora-clang, r-devel-windows-x86_64, r-release-macos-arm64, r-release-macos-x86_64, r-release-windows-x86_64, r-oldrel-macos-arm64, r-oldrel-windows-x86_64
Version: 0.2.11
Check: installed package size
Result: NOTE
installed size is 6.1Mb
sub-directories of 1Mb or more:
doc 5.3Mb
Flavor: r-oldrel-macos-x86_64