CRAN Package Check Results for Package helsinki

Last updated on 2023-11-27 18:51:06 CET.

Flavor Version Tinstall Tcheck Ttotal Status Flags
r-devel-linux-x86_64-debian-clang 1.0.6 8.26 75.69 83.95 NOTE
r-devel-linux-x86_64-debian-gcc 1.0.6 6.34 58.75 65.09 NOTE
r-devel-linux-x86_64-fedora-clang 1.0.6 103.24 OK
r-devel-linux-x86_64-fedora-gcc 1.0.6 106.83 OK
r-devel-windows-x86_64 1.0.6 8.00 81.00 89.00 OK
r-patched-linux-x86_64 1.0.6 7.44 70.09 77.53 OK
r-release-linux-x86_64 1.0.6 8.86 69.68 78.54 OK
r-release-macos-arm64 1.0.6 49.00 OK
r-release-macos-x86_64 1.0.6 71.00 OK
r-release-windows-x86_64 1.0.6 9.00 94.00 103.00 OK
r-oldrel-macos-arm64 1.0.6 41.00 OK
r-oldrel-macos-x86_64 1.0.6 53.00 OK
r-oldrel-windows-x86_64 1.0.6 12.00 96.00 108.00 OK

Check Details

Version: 1.0.6
Check: Rd files
Result: NOTE checkRd: (-1) get_hri_stats.Rd:40: Lost braces 40 | See \url{https://dev.hel.fi/apis/statistics/}{dev.hel.fi website} and | ^ checkRd: (-1) get_hri_stats.Rd:41: Lost braces 41 | \url{http://dev.hel.fi/stats/}{API documentation} (in Finnish) | ^ checkRd: (-1) get_linkedevents.Rd:39: Lost braces in \itemize; meant \describe ? checkRd: (-1) get_linkedevents.Rd:40: Lost braces in \itemize; meant \describe ? checkRd: (-1) get_linkedevents.Rd:41: Lost braces in \itemize; meant \describe ? checkRd: (-1) get_linkedevents.Rd:42: Lost braces in \itemize; meant \describe ? checkRd: (-1) get_linkedevents.Rd:43: Lost braces in \itemize; meant \describe ? checkRd: (-1) get_servicemap.Rd:40: Lost braces in \itemize; meant \describe ? checkRd: (-1) get_servicemap.Rd:41: Lost braces in \itemize; meant \describe ? checkRd: (-1) get_servicemap.Rd:42: Lost braces in \itemize; meant \describe ? checkRd: (-1) get_servicemap.Rd:43: Lost braces in \itemize; meant \describe ? checkRd: (-1) get_servicemap.Rd:44: Lost braces in \itemize; meant \describe ? checkRd: (-1) get_servicemap.Rd:45: Lost braces in \itemize; meant \describe ? checkRd: (-1) get_servicemap.Rd:52: Lost braces in \itemize; meant \describe ? checkRd: (-1) get_servicemap.Rd:53: Lost braces in \itemize; meant \describe ? checkRd: (-1) get_servicemap.Rd:54: Lost braces in \itemize; meant \describe ? checkRd: (-1) get_servicemap.Rd:55: Lost braces in \itemize; meant \describe ? checkRd: (-1) get_servicemap.Rd:56: Lost braces in \itemize; meant \describe ? checkRd: (-1) get_servicemap.Rd:57: Lost braces in \itemize; meant \describe ? checkRd: (-1) get_servicemap.Rd:58: Lost braces in \itemize; meant \describe ? checkRd: (-1) get_servicemap.Rd:59: Lost braces in \itemize; meant \describe ? checkRd: (-1) get_servicemap.Rd:60: Lost braces in \itemize; meant \describe ? checkRd: (-1) get_servicemap.Rd:61: Lost braces in \itemize; meant \describe ? Flavors: r-devel-linux-x86_64-debian-clang, r-devel-linux-x86_64-debian-gcc