Last updated on 2023-12-10 18:52:12 CET.
Flavor | Version | Tinstall | Tcheck | Ttotal | Status | Flags |
---|---|---|---|---|---|---|
r-devel-linux-x86_64-debian-clang | 1.0.1 | 1.82 | 32.90 | 34.72 | NOTE | |
r-devel-linux-x86_64-debian-gcc | 1.0.1 | 1.59 | 25.60 | 27.19 | NOTE | |
r-devel-linux-x86_64-fedora-clang | 1.0.1 | 43.62 | NOTE | |||
r-devel-linux-x86_64-fedora-gcc | 1.0.1 | 52.59 | NOTE | |||
r-devel-windows-x86_64 | 1.0.1 | 5.00 | 49.00 | 54.00 | NOTE | |
r-patched-linux-x86_64 | 1.0.1 | 2.15 | 32.69 | 34.84 | NOTE | |
r-release-linux-x86_64 | 1.0.1 | 1.76 | 32.83 | 34.59 | NOTE | |
r-release-macos-arm64 | 1.0.1 | 26.00 | NOTE | |||
r-release-macos-x86_64 | 1.0.1 | 37.00 | NOTE | |||
r-release-windows-x86_64 | 1.0.1 | 2.00 | 53.00 | 55.00 | NOTE | |
r-oldrel-macos-arm64 | 1.0.1 | 24.00 | NOTE | |||
r-oldrel-macos-x86_64 | 1.0.1 | 28.00 | NOTE | |||
r-oldrel-windows-x86_64 | 1.0.1 | 4.00 | 54.00 | 58.00 | NOTE |
Version: 1.0.1
Check: LazyData
Result: NOTE
'LazyData' is specified without a 'data' directory
Flavors: r-devel-linux-x86_64-debian-clang, r-devel-linux-x86_64-debian-gcc, r-devel-linux-x86_64-fedora-clang, r-devel-linux-x86_64-fedora-gcc, r-devel-windows-x86_64, r-patched-linux-x86_64, r-release-linux-x86_64, r-release-macos-arm64, r-release-macos-x86_64, r-release-windows-x86_64, r-oldrel-macos-arm64, r-oldrel-macos-x86_64, r-oldrel-windows-x86_64