Last updated on 2023-12-05 18:49:25 CET.
Flavor | Version | Tinstall | Tcheck | Ttotal | Status | Flags |
---|---|---|---|---|---|---|
r-devel-linux-x86_64-debian-clang | 2.3.0 | 28.53 | 73.28 | 101.81 | NOTE | |
r-devel-linux-x86_64-debian-gcc | 2.3.0 | 23.55 | 57.28 | 80.83 | NOTE | |
r-devel-linux-x86_64-fedora-clang | 2.3.0 | 139.49 | NOTE | |||
r-devel-linux-x86_64-fedora-gcc | 2.3.0 | 149.87 | NOTE | |||
r-devel-windows-x86_64 | 2.3.0 | 29.00 | 104.00 | 133.00 | NOTE | |
r-patched-linux-x86_64 | 2.3.0 | 28.45 | 72.65 | 101.10 | NOTE | |
r-release-linux-x86_64 | 2.3.0 | 26.26 | 71.57 | 97.83 | NOTE | |
r-release-macos-arm64 | 2.3.0 | 44.00 | NOTE | |||
r-release-macos-x86_64 | 2.3.0 | 129.00 | NOTE | |||
r-release-windows-x86_64 | 2.3.0 | 28.00 | 117.00 | 145.00 | NOTE | |
r-oldrel-macos-arm64 | 2.3.0 | 41.00 | NOTE | |||
r-oldrel-macos-x86_64 | 2.3.0 | 54.00 | NOTE | |||
r-oldrel-windows-x86_64 | 2.3.0 | 33.00 | 107.00 | 140.00 | NOTE |
Version: 2.3.0
Check: for GNU extensions in Makefiles
Result: NOTE
GNU make is a SystemRequirements.
Flavors: r-devel-linux-x86_64-debian-clang, r-devel-linux-x86_64-debian-gcc, r-devel-linux-x86_64-fedora-clang, r-devel-linux-x86_64-fedora-gcc, r-devel-windows-x86_64, r-patched-linux-x86_64, r-release-linux-x86_64, r-release-macos-arm64, r-release-macos-x86_64, r-release-windows-x86_64, r-oldrel-macos-arm64, r-oldrel-macos-x86_64, r-oldrel-windows-x86_64