Last updated on 2023-11-28 18:49:20 CET.
Flavor | Version | Tinstall | Tcheck | Ttotal | Status | Flags |
---|---|---|---|---|---|---|
r-devel-linux-x86_64-debian-clang | 0.5.3 | 347.37 | 480.75 | 828.12 | NOTE | |
r-devel-linux-x86_64-debian-gcc | 0.5.3 | 273.69 | 328.87 | 602.56 | NOTE | |
r-devel-linux-x86_64-fedora-clang | 0.5.3 | 1098.47 | NOTE | |||
r-devel-linux-x86_64-fedora-gcc | 0.5.3 | 1121.38 | NOTE | |||
r-devel-windows-x86_64 | 0.5.3 | 282.00 | 448.00 | 730.00 | NOTE | |
r-patched-linux-x86_64 | 0.5.3 | 291.91 | 424.17 | 716.08 | NOTE | |
r-release-linux-x86_64 | 0.5.3 | 249.65 | 419.84 | 669.49 | NOTE | |
r-release-macos-arm64 | 0.5.3 | 301.00 | NOTE | |||
r-release-macos-x86_64 | 0.5.3 | 487.00 | NOTE | |||
r-release-windows-x86_64 | 0.5.3 | 379.00 | 507.00 | 886.00 | NOTE | |
r-oldrel-macos-arm64 | 0.5.3 | 256.00 | NOTE | |||
r-oldrel-macos-x86_64 | 0.5.3 | 344.00 | NOTE | |||
r-oldrel-windows-x86_64 | 0.5.3 | 353.00 | 480.00 | 833.00 | NOTE |
Version: 0.5.3
Check: C++ specification
Result: NOTE
Specified C++11: please drop specification unless essential
Flavors: r-devel-linux-x86_64-debian-clang, r-devel-linux-x86_64-debian-gcc, r-devel-linux-x86_64-fedora-clang, r-devel-linux-x86_64-fedora-gcc, r-devel-windows-x86_64, r-patched-linux-x86_64, r-release-linux-x86_64, r-release-macos-arm64, r-release-macos-x86_64, r-release-windows-x86_64
Version: 0.5.3
Check: Rd files
Result: NOTE
checkRd: (-1) ce.Rd:9: Lost braces in \itemize; meant \describe ?
checkRd: (-1) ce.Rd:10: Lost braces in \itemize; meant \describe ?
checkRd: (-1) create_params.Rd:58: Lost braces in \itemize; \value handles \item{}{} directly
checkRd: (-1) create_params.Rd:59: Lost braces in \itemize; \value handles \item{}{} directly
checkRd: (-1) create_params.Rd:60: Lost braces in \itemize; \value handles \item{}{} directly
checkRd: (-1) create_params.Rd:61: Lost braces in \itemize; \value handles \item{}{} directly
checkRd: (-1) create_params.Rd:62: Lost braces in \itemize; \value handles \item{}{} directly
checkRd: (-1) create_params.Rd:63: Lost braces in \itemize; \value handles \item{}{} directly
checkRd: (-1) mstate3_exdata.Rd:10-11: Lost braces in \itemize; meant \describe ?
checkRd: (-1) mstate3_exdata.Rd:12-13: Lost braces in \itemize; meant \describe ?
checkRd: (-1) mstate3_exdata.Rd:14: Lost braces in \itemize; meant \describe ?
checkRd: (-1) multinom3_exdata.Rd:10-11: Lost braces in \itemize; meant \describe ?
checkRd: (-1) multinom3_exdata.Rd:12-13: Lost braces in \itemize; meant \describe ?
checkRd: (-1) multinom3_exdata.Rd:14: Lost braces in \itemize; meant \describe ?
checkRd: (-1) params_surv.Rd:49-51: Lost braces in \itemize; meant \describe ?
checkRd: (-1) params_surv.Rd:53-56: Lost braces in \itemize; meant \describe ?
checkRd: (-1) params_surv.Rd:58-62: Lost braces in \itemize; meant \describe ?
checkRd: (-1) params_surv.Rd:64-67: Lost braces in \itemize; meant \describe ?
checkRd: (-1) params_surv.Rd:69-75: Lost braces in \itemize; meant \describe ?
checkRd: (-1) params_surv.Rd:77-80: Lost braces in \itemize; meant \describe ?
checkRd: (-1) params_surv.Rd:82-85: Lost braces in \itemize; meant \describe ?
checkRd: (-1) params_surv.Rd:87-91: Lost braces in \itemize; meant \describe ?
checkRd: (-1) params_surv.Rd:93-96: Lost braces in \itemize; meant \describe ?
checkRd: (-1) params_surv.Rd:98-101: Lost braces in \itemize; meant \describe ?
checkRd: (-1) params_surv.Rd:103-106: Lost braces in \itemize; meant \describe ?
checkRd: (-1) params_surv.Rd:108-110: Lost braces in \itemize; meant \describe ?
checkRd: (-1) psm4_exdata.Rd:10: Lost braces in \itemize; meant \describe ?
checkRd: (-1) psm4_exdata.Rd:11-12: Lost braces in \itemize; meant \describe ?
Flavors: r-devel-linux-x86_64-debian-clang, r-devel-linux-x86_64-debian-gcc
Version: 0.5.3
Check: Rd \usage sections
Result: NOTE
Documented arguments not in \usage in Rd file 'check.Rd':
‘inner_class’
Functions with \usage entries need to have the appropriate \alias
entries, and all their arguments documented.
The \usage entries must correspond to syntactically valid R code.
See chapter ‘Writing R documentation files’ in the ‘Writing R
Extensions’ manual.
Flavors: r-devel-linux-x86_64-debian-clang, r-devel-linux-x86_64-debian-gcc, r-devel-linux-x86_64-fedora-clang, r-devel-linux-x86_64-fedora-gcc, r-devel-windows-x86_64
Version: 0.5.3
Check: installed package size
Result: NOTE
installed size is 6.2Mb
sub-directories of 1Mb or more:
doc 2.2Mb
libs 2.1Mb
Flavors: r-devel-linux-x86_64-fedora-clang, r-devel-windows-x86_64, r-release-macos-arm64, r-release-macos-x86_64, r-release-windows-x86_64, r-oldrel-macos-arm64, r-oldrel-macos-x86_64, r-oldrel-windows-x86_64
Version: 0.5.3
Check: dependencies in R code
Result: NOTE
Namespace in Imports field not imported from: ‘R6’
All declared Imports should be used.
Flavors: r-devel-linux-x86_64-fedora-clang, r-devel-linux-x86_64-fedora-gcc, r-oldrel-macos-arm64, r-oldrel-macos-x86_64