CRAN Package Check Results for Package hexSticker

Last updated on 2024-02-21 18:51:06 CET.

Flavor Version Tinstall Tcheck Ttotal Status Flags
r-devel-linux-x86_64-debian-clang 0.4.9 NOTE
r-devel-linux-x86_64-debian-gcc 0.4.9 5.54 45.14 50.68 NOTE
r-devel-linux-x86_64-fedora-clang 0.4.9 88.67 NOTE
r-devel-linux-x86_64-fedora-gcc 0.4.9 82.97 NOTE
r-devel-windows-x86_64 0.4.9 8.00 63.00 71.00 NOTE
r-patched-linux-x86_64 0.4.9 5.68 56.65 62.33 NOTE
r-release-linux-x86_64 0.4.9 4.82 56.05 60.87 NOTE
r-release-macos-arm64 0.4.9 28.00 NOTE
r-release-macos-x86_64 0.4.9 43.00 NOTE
r-release-windows-x86_64 0.4.9 10.00 71.00 81.00 NOTE
r-oldrel-macos-arm64 0.4.9 29.00 NOTE
r-oldrel-windows-x86_64 0.4.9 10.00 77.00 87.00 NOTE

Check Details

Version: 0.4.9
Check: LazyData
Result: NOTE 'LazyData' is specified without a 'data' directory Flavors: r-devel-linux-x86_64-debian-clang, r-devel-linux-x86_64-debian-gcc, r-devel-linux-x86_64-fedora-clang, r-devel-linux-x86_64-fedora-gcc, r-devel-windows-x86_64, r-patched-linux-x86_64, r-release-linux-x86_64, r-release-macos-arm64, r-release-macos-x86_64, r-release-windows-x86_64, r-oldrel-macos-arm64, r-oldrel-windows-x86_64