CRAN Package Check Results for Package highcharter

Last updated on 2023-11-30 18:49:32 CET.

Flavor Version Tinstall Tcheck Ttotal Status Flags
r-devel-linux-x86_64-debian-clang 0.9.4 13.53 140.93 154.46 OK
r-devel-linux-x86_64-debian-gcc 0.9.4 10.87 104.25 115.12 OK
r-devel-linux-x86_64-fedora-clang 0.9.4 196.35 NOTE
r-devel-linux-x86_64-fedora-gcc 0.9.4 188.67 NOTE
r-devel-windows-x86_64 0.9.4 15.00 144.00 159.00 OK
r-patched-linux-x86_64 0.9.4 11.81 131.77 143.58 OK
r-release-linux-x86_64 0.9.4 9.39 131.63 141.02 OK
r-release-macos-arm64 0.9.4 61.00 OK
r-release-macos-x86_64 0.9.4 97.00 NOTE
r-release-windows-x86_64 0.9.4 20.00 179.00 199.00 OK
r-oldrel-macos-arm64 0.9.4 57.00 NOTE
r-oldrel-macos-x86_64 0.9.4 111.00 NOTE
r-oldrel-windows-x86_64 0.9.4 20.00 162.00 182.00 OK

Check Details

Version: 0.9.4
Check: data for non-ASCII characters
Result: NOTE Note: found 11 marked UTF-8 strings Flavors: r-devel-linux-x86_64-fedora-clang, r-devel-linux-x86_64-fedora-gcc, r-oldrel-macos-arm64, r-oldrel-macos-x86_64

Version: 0.9.4
Check: package dependencies
Result: NOTE Package suggested but not available for checking: ‘geojsonio’ Flavor: r-release-macos-x86_64