CRAN Package Check Results for Package highlight

Last updated on 2024-02-27 18:49:18 CET.

Flavor Version Tinstall Tcheck Ttotal Status Flags
r-devel-linux-x86_64-debian-clang 0.5.1 69.51 29.19 98.70 NOTE
r-devel-linux-x86_64-debian-gcc 0.5.1 59.76 22.57 82.33 NOTE
r-devel-linux-x86_64-fedora-clang 0.5.1 186.45 NOTE
r-devel-linux-x86_64-fedora-gcc 0.5.1 154.91 NOTE
r-devel-windows-x86_64 0.5.1 68.00 70.00 138.00 NOTE
r-patched-linux-x86_64 0.5.1 71.67 28.81 100.48 NOTE
r-release-linux-x86_64 0.5.1 79.42 28.93 108.35 NOTE
r-release-macos-arm64 0.5.1 50.00 NOTE
r-release-macos-x86_64 0.5.1 78.00 NOTE
r-release-windows-x86_64 0.5.1 68.00 75.00 143.00 NOTE
r-oldrel-macos-arm64 0.5.1 51.00 NOTE
r-oldrel-windows-x86_64 0.5.1 126.00 79.00 205.00 OK

Check Details

Version: 0.5.1
Check: C++ specification
Result: NOTE Specified C++11: please drop specification unless essential Flavors: r-devel-linux-x86_64-debian-clang, r-devel-linux-x86_64-debian-gcc, r-devel-linux-x86_64-fedora-clang, r-devel-linux-x86_64-fedora-gcc, r-devel-windows-x86_64, r-patched-linux-x86_64, r-release-linux-x86_64, r-release-macos-arm64, r-release-macos-x86_64, r-release-windows-x86_64

Version: 0.5.1
Check: installed package size
Result: NOTE installed size is 9.6Mb sub-directories of 1Mb or more: highlight 1.0Mb libs 8.4Mb Flavors: r-release-macos-arm64, r-release-macos-x86_64, r-oldrel-macos-arm64