Last updated on 2023-11-27 18:51:07 CET.
Flavor | Version | Tinstall | Tcheck | Ttotal | Status | Flags |
---|---|---|---|---|---|---|
r-devel-linux-x86_64-debian-clang | 0.8.1 | 502.38 | 188.73 | 691.11 | OK | |
r-devel-linux-x86_64-debian-gcc | 0.8.1 | 433.59 | 165.21 | 598.80 | OK | |
r-devel-linux-x86_64-fedora-clang | 0.8.1 | 911.11 | NOTE | |||
r-devel-linux-x86_64-fedora-gcc | 0.8.1 | 1112.14 | NOTE | |||
r-devel-windows-x86_64 | 0.8.1 | 368.00 | 226.00 | 594.00 | OK | |
r-patched-linux-x86_64 | 0.8.1 | 403.97 | 204.77 | 608.74 | OK | |
r-release-linux-x86_64 | 0.8.1 | 368.17 | 203.76 | 571.93 | OK | |
r-release-macos-arm64 | 0.8.1 | 232.00 | NOTE | |||
r-release-macos-x86_64 | 0.8.1 | 369.00 | NOTE | |||
r-release-windows-x86_64 | 0.8.1 | 503.00 | 303.00 | 806.00 | OK | |
r-oldrel-macos-arm64 | 0.8.1 | 203.00 | NOTE | |||
r-oldrel-macos-x86_64 | 0.8.1 | 410.00 | NOTE | |||
r-oldrel-windows-x86_64 | 0.8.1 | 459.00 | 279.00 | 738.00 | OK |
Version: 0.8.1
Check: dependencies in R code
Result: NOTE
Namespace in Imports field not imported from: ‘RcppParallel’
All declared Imports should be used.
Flavors: r-devel-linux-x86_64-fedora-clang, r-devel-linux-x86_64-fedora-gcc, r-oldrel-macos-arm64, r-oldrel-macos-x86_64
Version: 0.8.1
Check: for GNU extensions in Makefiles
Result: NOTE
GNU make is a SystemRequirements.
Flavors: r-devel-linux-x86_64-fedora-clang, r-devel-linux-x86_64-fedora-gcc, r-release-macos-arm64, r-release-macos-x86_64, r-oldrel-macos-arm64, r-oldrel-macos-x86_64
Version: 0.8.1
Check: installed package size
Result: NOTE
installed size is 62.5Mb
sub-directories of 1Mb or more:
libs 61.9Mb
Flavors: r-release-macos-arm64, r-release-macos-x86_64, r-oldrel-macos-arm64, r-oldrel-macos-x86_64