CRAN Package Check Results for Package hues

Last updated on 2023-11-29 18:48:49 CET.

Flavor Version Tinstall Tcheck Ttotal Status Flags
r-devel-linux-x86_64-debian-clang 0.2.0 2.20 29.47 31.67 NOTE
r-devel-linux-x86_64-debian-gcc 0.2.0 1.83 22.76 24.59 NOTE
r-devel-linux-x86_64-fedora-clang 0.2.0 41.73 NOTE
r-devel-linux-x86_64-fedora-gcc 0.2.0 38.04 NOTE
r-devel-windows-x86_64 0.2.0 3.00 46.00 49.00 NOTE
r-patched-linux-x86_64 0.2.0 2.16 28.83 30.99 NOTE
r-release-linux-x86_64 0.2.0 1.78 28.99 30.77 NOTE
r-release-macos-arm64 0.2.0 17.00 NOTE
r-release-macos-x86_64 0.2.0 26.00 NOTE
r-release-windows-x86_64 0.2.0 3.00 47.00 50.00 NOTE
r-oldrel-macos-arm64 0.2.0 19.00 NOTE
r-oldrel-macos-x86_64 0.2.0 25.00 NOTE
r-oldrel-windows-x86_64 0.2.0 4.00 52.00 56.00 NOTE

Check Details

Version: 0.2.0
Check: LazyData
Result: NOTE 'LazyData' is specified without a 'data' directory Flavors: r-devel-linux-x86_64-debian-clang, r-devel-linux-x86_64-debian-gcc, r-devel-linux-x86_64-fedora-clang, r-devel-linux-x86_64-fedora-gcc, r-devel-windows-x86_64, r-patched-linux-x86_64, r-release-linux-x86_64, r-release-macos-arm64, r-release-macos-x86_64, r-release-windows-x86_64, r-oldrel-macos-arm64, r-oldrel-macos-x86_64, r-oldrel-windows-x86_64