Last updated on 2023-12-01 18:51:00 CET.
Flavor | Version | Tinstall | Tcheck | Ttotal | Status | Flags |
---|---|---|---|---|---|---|
r-devel-linux-x86_64-debian-clang | 2.0.2 | 290.20 | 170.05 | 460.25 | NOTE | |
r-devel-linux-x86_64-debian-gcc | 2.0.2 | 246.11 | 180.02 | 426.13 | NOTE | |
r-devel-linux-x86_64-fedora-clang | 2.0.2 | 703.64 | NOTE | |||
r-devel-linux-x86_64-fedora-gcc | 2.0.2 | 777.60 | NOTE | |||
r-devel-windows-x86_64 | 2.0.2 | 220.00 | 226.00 | 446.00 | NOTE | |
r-patched-linux-x86_64 | 2.0.2 | 217.07 | 163.17 | 380.24 | NOTE | |
r-release-linux-x86_64 | 2.0.2 | 213.43 | 167.09 | 380.52 | NOTE | |
r-release-macos-arm64 | 2.0.2 | 160.00 | NOTE | |||
r-release-macos-x86_64 | 2.0.2 | 259.00 | NOTE | |||
r-release-windows-x86_64 | 2.0.2 | 300.00 | 297.00 | 597.00 | NOTE | |
r-oldrel-macos-arm64 | 2.0.2 | 169.00 | NOTE | |||
r-oldrel-macos-x86_64 | 2.0.2 | 213.00 | NOTE | |||
r-oldrel-windows-x86_64 | 2.0.2 | 272.00 | 283.00 | 555.00 | NOTE |
Version: 2.0.2
Check: Rd files
Result: NOTE
checkRd: (-1) simgl.Rd:50: Lost braces; missing escapes or markup?
50 | Uses the {updog} R package for simulating read counts and generating
| ^
Flavors: r-devel-linux-x86_64-debian-clang, r-devel-linux-x86_64-debian-gcc
Version: 2.0.2
Check: for GNU extensions in Makefiles
Result: NOTE
GNU make is a SystemRequirements.
Flavors: r-devel-linux-x86_64-debian-clang, r-devel-linux-x86_64-debian-gcc, r-devel-linux-x86_64-fedora-clang, r-devel-linux-x86_64-fedora-gcc, r-devel-windows-x86_64, r-patched-linux-x86_64, r-release-linux-x86_64, r-release-macos-arm64, r-release-macos-x86_64, r-release-windows-x86_64, r-oldrel-macos-arm64, r-oldrel-macos-x86_64, r-oldrel-windows-x86_64
Version: 2.0.2
Check: installed package size
Result: NOTE
installed size is 44.0Mb
sub-directories of 1Mb or more:
libs 43.4Mb
Flavors: r-release-macos-arm64, r-release-macos-x86_64, r-oldrel-macos-arm64, r-oldrel-macos-x86_64