Last updated on 2023-12-10 18:52:13 CET.
Flavor | Version | Tinstall | Tcheck | Ttotal | Status | Flags |
---|---|---|---|---|---|---|
r-devel-linux-x86_64-debian-clang | 0.5.7 | 41.23 | 272.38 | 313.61 | OK | |
r-devel-linux-x86_64-debian-gcc | 0.5.7 | 30.14 | 336.65 | 366.79 | OK | |
r-devel-linux-x86_64-fedora-clang | 0.5.7 | 623.23 | OK | |||
r-devel-linux-x86_64-fedora-gcc | 0.5.7 | 296.16 | OK | |||
r-devel-windows-x86_64 | 0.5.7 | 34.00 | 283.00 | 317.00 | OK | |
r-patched-linux-x86_64 | 0.5.7 | 38.42 | 258.51 | 296.93 | OK | |
r-release-linux-x86_64 | 0.5.7 | 36.00 | 265.88 | 301.88 | OK | |
r-release-macos-arm64 | 0.5.7 | 277.00 | OK | |||
r-release-macos-x86_64 | 0.5.7 | 489.00 | ERROR | |||
r-release-windows-x86_64 | 0.5.7 | 47.00 | 393.00 | 440.00 | OK | |
r-oldrel-macos-arm64 | 0.5.7 | 267.00 | OK | |||
r-oldrel-macos-x86_64 | 0.5.6 | 331.00 | OK | |||
r-oldrel-windows-x86_64 | 0.5.7 | 48.00 | 372.00 | 420.00 | OK |
Version: 0.5.7
Check: re-building of vignette outputs
Result: ERROR
Error(s) in re-building vignettes:
...
--- re-building ‘hydflood.Rmd’ using rmarkdown
Pandoc is required to build R Markdown vignettes but not available. Please make sure it is installed.
Quitting from lines 85-158 [captions] (hydflood.Rmd)
Error: processing vignette 'hydflood.Rmd' failed with diagnostics:
argument is of length zero
--- failed re-building ‘hydflood.Rmd’
SUMMARY: processing the following file failed:
‘hydflood.Rmd’
Error: Vignette re-building failed.
Execution halted
Flavor: r-release-macos-x86_64