Last updated on 2023-11-29 18:48:49 CET.
Flavor | Version | Tinstall | Tcheck | Ttotal | Status | Flags |
---|---|---|---|---|---|---|
r-devel-linux-x86_64-debian-clang | 3.1.3 | 88.08 | 355.56 | 443.64 | NOTE | |
r-devel-linux-x86_64-debian-gcc | 3.1.3 | 64.08 | 298.64 | 362.72 | NOTE | |
r-devel-linux-x86_64-fedora-clang | 3.1.3 | NOTE | ||||
r-devel-linux-x86_64-fedora-gcc | 3.1.3 | 654.27 | NOTE | |||
r-devel-windows-x86_64 | 3.1.3 | 66.00 | 292.00 | 358.00 | OK | |
r-patched-linux-x86_64 | 3.1.3 | 79.61 | 384.00 | 463.61 | OK | |
r-release-linux-x86_64 | 3.1.3 | 62.00 | 268.04 | 330.04 | OK | |
r-release-macos-arm64 | 3.1.3 | 187.00 | NOTE | |||
r-release-macos-x86_64 | 3.1.3 | 304.00 | NOTE | |||
r-release-windows-x86_64 | 3.1.3 | 90.00 | 396.00 | 486.00 | OK | |
r-oldrel-macos-arm64 | 3.1.3 | 137.00 | NOTE | |||
r-oldrel-macos-x86_64 | 3.1.3 | 199.00 | NOTE | |||
r-oldrel-windows-x86_64 | 3.1.3 | 90.00 | 385.00 | 475.00 | OK |
Version: 3.1.3
Check: Rd files
Result: NOTE
checkRd: (-1) hypervolume_set.Rd:42: Lost braces; missing escapes or markup?
42 | By default, the function uses \code{check.memory=TRUE} which will provide an estimate of the computational cost of the set operations. The function should then be re-run with {check_memory=FALSE} if the cost is acceptable. This algorithm's memory and time cost scale quadratically with the number of input points, so large datasets can have disproportionately high costs. This error-checking is intended to prevent the user from large accidental memory allocation.
| ^
Flavors: r-devel-linux-x86_64-debian-clang, r-devel-linux-x86_64-debian-gcc
Version: 3.1.3
Check: package dependencies
Result: NOTE
Imports includes 22 non-default packages.
Importing from so many packages makes the package vulnerable to any of
them becoming unavailable. Move as many as possible to Suggests and
use conditionally.
Flavor: r-devel-linux-x86_64-fedora-clang
Version: 3.1.3
Check: dependencies in R code
Result: NOTE
Namespace in Imports field not imported from: ‘raster’
All declared Imports should be used.
Flavors: r-devel-linux-x86_64-fedora-clang, r-devel-linux-x86_64-fedora-gcc
Version: 3.1.3
Check: installed package size
Result: NOTE
installed size is 5.8Mb
sub-directories of 1Mb or more:
doc 2.8Mb
libs 1.8Mb
Flavors: r-release-macos-arm64, r-release-macos-x86_64, r-oldrel-macos-arm64, r-oldrel-macos-x86_64