Last updated on 2023-12-02 18:53:44 CET.
Flavor | Version | Tinstall | Tcheck | Ttotal | Status | Flags |
---|---|---|---|---|---|---|
r-devel-linux-x86_64-debian-clang | 1.0.4 | 3.44 | 139.11 | 142.55 | OK | |
r-devel-linux-x86_64-debian-gcc | 1.0.4 | 2.49 | 124.95 | 127.44 | OK | |
r-devel-linux-x86_64-fedora-clang | 1.0.4 | 172.26 | NOTE | |||
r-devel-linux-x86_64-fedora-gcc | 1.0.4 | 186.73 | NOTE | |||
r-devel-windows-x86_64 | 1.0.4 | 5.00 | 230.00 | 235.00 | OK | |
r-patched-linux-x86_64 | 1.0.4 | 4.05 | 138.92 | 142.97 | OK | |
r-release-linux-x86_64 | 1.0.4 | 2.64 | 134.55 | 137.19 | OK | |
r-release-macos-arm64 | 1.0.4 | 98.00 | OK | |||
r-release-macos-x86_64 | 1.0.4 | 217.00 | OK | |||
r-release-windows-x86_64 | 1.0.4 | 5.00 | 214.00 | 219.00 | OK | |
r-oldrel-macos-arm64 | 1.0.4 | 88.00 | OK | |||
r-oldrel-macos-x86_64 | 1.0.4 | 84.00 | OK | |||
r-oldrel-windows-x86_64 | 1.0.4 | 6.00 | 201.00 | 207.00 | OK |
Version: 1.0.4
Check: data for non-ASCII characters
Result: NOTE
Note: found 4 marked UTF-8 strings
Flavors: r-devel-linux-x86_64-fedora-clang, r-devel-linux-x86_64-fedora-gcc