CRAN Package Check Results for Package igate

Last updated on 2023-12-06 18:52:47 CET.

Flavor Version Tinstall Tcheck Ttotal Status Flags
r-devel-linux-x86_64-debian-clang 0.3.3 7.17 76.05 83.22 OK
r-devel-linux-x86_64-debian-gcc 0.3.3 4.46 56.87 61.33 OK
r-devel-linux-x86_64-fedora-clang 0.3.3 105.32 NOTE
r-devel-linux-x86_64-fedora-gcc 0.3.3 109.88 NOTE
r-devel-windows-x86_64 0.3.3 8.00 76.00 84.00 OK
r-patched-linux-x86_64 0.3.3 4.69 70.94 75.63 OK
r-release-linux-x86_64 0.3.3 4.39 71.66 76.05 OK
r-release-macos-arm64 0.3.3 40.00 OK
r-release-macos-x86_64 0.3.3 59.00 OK
r-release-windows-x86_64 0.3.3 9.00 88.00 97.00 OK
r-oldrel-macos-arm64 0.3.3 31.00 NOTE
r-oldrel-macos-x86_64 0.3.3 58.00 NOTE
r-oldrel-windows-x86_64 0.3.3 10.00 90.00 100.00 OK

Check Details

Version: 0.3.3
Check: dependencies in R code
Result: NOTE Namespaces in Imports field not imported from: ‘kableExtra’ ‘knitr’ ‘xtable’ All declared Imports should be used. Flavors: r-devel-linux-x86_64-fedora-clang, r-devel-linux-x86_64-fedora-gcc, r-oldrel-macos-arm64, r-oldrel-macos-x86_64