Last updated on 2023-11-29 18:48:49 CET.
Flavor | Version | Tinstall | Tcheck | Ttotal | Status | Flags |
---|---|---|---|---|---|---|
r-devel-linux-x86_64-debian-clang | 0.11.1 | 16.83 | 424.84 | 441.67 | NOTE | |
r-devel-linux-x86_64-debian-gcc | 0.11.1 | 12.50 | 285.91 | 298.41 | NOTE | |
r-devel-linux-x86_64-fedora-clang | 0.11.1 | 513.99 | OK | |||
r-devel-linux-x86_64-fedora-gcc | 0.11.1 | 486.70 | OK | |||
r-devel-windows-x86_64 | 0.11.1 | 16.00 | 237.00 | 253.00 | OK | |
r-patched-linux-x86_64 | 0.11.1 | 18.87 | 356.60 | 375.47 | OK | |
r-release-linux-x86_64 | 0.11.1 | 16.45 | 354.90 | 371.35 | OK | |
r-release-macos-arm64 | 0.11.1 | 163.00 | OK | |||
r-release-macos-x86_64 | 0.11.1 | 226.00 | OK | |||
r-release-windows-x86_64 | 0.11.1 | 22.00 | 302.00 | 324.00 | OK | |
r-oldrel-macos-arm64 | 0.11.1 | 148.00 | OK | |||
r-oldrel-macos-x86_64 | 0.11.1 | 168.00 | OK | |||
r-oldrel-windows-x86_64 | 0.11.1 | 22.00 | 295.00 | 317.00 | OK |
Version: 0.11.1
Check: Rd files
Result: NOTE
checkRd: (-1) plot.FeatureEffects.Rd:32: Lost braces; missing escapes or markup?
32 | In contrast to other plot methods in {iml}, for FeatureEffects the returned
| ^
Flavors: r-devel-linux-x86_64-debian-clang, r-devel-linux-x86_64-debian-gcc