CRAN Package Check Results for Package impactr

Last updated on 2024-06-12 20:58:59 CEST.

Flavor Version Tinstall Tcheck Ttotal Status Flags
r-devel-linux-x86_64-debian-clang 0.4.2 32.20 67.94 100.14 NOTE
r-devel-linux-x86_64-debian-gcc 0.4.2 0.43 1.73 2.16 ERROR
r-devel-linux-x86_64-fedora-clang 0.4.2 139.12 NOTE
r-devel-linux-x86_64-fedora-gcc 0.4.2 144.27 NOTE
r-devel-windows-x86_64 0.4.2 27.00 92.00 119.00 NOTE
r-patched-linux-x86_64 0.4.2 19.92 65.00 84.92 NOTE
r-release-linux-x86_64 0.4.2 19.58 64.96 84.54 NOTE
r-release-macos-arm64 0.4.2 42.00 NOTE
r-release-macos-x86_64 0.4.2 59.00 NOTE
r-release-windows-x86_64 0.4.2 28.00 90.00 118.00 NOTE
r-oldrel-macos-arm64 0.4.2 47.00 NOTE
r-oldrel-macos-x86_64 0.4.2 86.00 NOTE
r-oldrel-windows-x86_64 0.4.2 34.00 104.00 138.00 NOTE

Check Details

Version: 0.4.2
Check: package dependencies
Result: NOTE Package suggested but not available for checking: ‘accdata’ Flavors: r-devel-linux-x86_64-debian-clang, r-devel-linux-x86_64-fedora-clang, r-devel-linux-x86_64-fedora-gcc, r-devel-windows-x86_64, r-patched-linux-x86_64, r-release-linux-x86_64, r-release-macos-arm64, r-release-macos-x86_64, r-release-windows-x86_64, r-oldrel-macos-arm64, r-oldrel-macos-x86_64, r-oldrel-windows-x86_64

Version: 0.4.2
Check: package dependencies
Result: ERROR Packages required but not available: 'lubridate', 'lvmisc', 'pillar', 'purrr', 'stringr', 'tibble', 'toOrdinal', 'vroom' Packages suggested but not available for checking: 'accdata', 'testthat' See section ‘The DESCRIPTION file’ in the ‘Writing R Extensions’ manual. Flavor: r-devel-linux-x86_64-debian-gcc