Last updated on 2023-12-10 18:52:13 CET.
Flavor | Version | Tinstall | Tcheck | Ttotal | Status | Flags |
---|---|---|---|---|---|---|
r-devel-linux-x86_64-debian-clang | 1.7.3 | 4.58 | 125.16 | 129.74 | NOTE | |
r-devel-linux-x86_64-debian-gcc | 1.7.3 | 3.70 | 93.81 | 97.51 | NOTE | |
r-devel-linux-x86_64-fedora-clang | 1.7.3 | 157.20 | OK | |||
r-devel-linux-x86_64-fedora-gcc | 1.7.3 | 164.18 | OK | |||
r-devel-windows-x86_64 | 1.7.3 | 5.00 | 117.00 | 122.00 | OK | |
r-patched-linux-x86_64 | 1.7.3 | 4.99 | 124.78 | 129.77 | OK | |
r-release-linux-x86_64 | 1.7.3 | 3.79 | 122.63 | 126.42 | OK | |
r-release-macos-arm64 | 1.7.3 | 61.00 | OK | |||
r-release-macos-x86_64 | 1.7.3 | 95.00 | OK | |||
r-release-windows-x86_64 | 1.7.3 | 6.00 | 138.00 | 144.00 | OK | |
r-oldrel-macos-arm64 | 1.7.3 | 47.00 | OK | |||
r-oldrel-macos-x86_64 | 1.7.3 | 90.00 | OK | |||
r-oldrel-windows-x86_64 | 1.7.3 | 6.00 | 132.00 | 138.00 | OK |
Version: 1.7.3
Check: Rd files
Result: NOTE
checkRd: (-1) incidence.Rd:172: Lost braces; missing escapes or markup?
172 | using the pattern "{n} {W} weeks" where "{W}" represents the weekday in an
| ^
checkRd: (-1) incidence.Rd:172: Lost braces; missing escapes or markup?
172 | using the pattern "{n} {W} weeks" where "{W}" represents the weekday in an
| ^
checkRd: (-1) incidence.Rd:172: Lost braces; missing escapes or markup?
172 | using the pattern "{n} {W} weeks" where "{W}" represents the weekday in an
| ^
checkRd: (-1) incidence.Rd:173: Lost braces; missing escapes or markup?
173 | English or current locale and "{n}" represents the duration, but this can be
| ^
Flavors: r-devel-linux-x86_64-debian-clang, r-devel-linux-x86_64-debian-gcc