Last updated on 2023-12-05 18:49:26 CET.
Flavor | Version | Tinstall | Tcheck | Ttotal | Status | Flags |
---|---|---|---|---|---|---|
r-devel-linux-x86_64-debian-clang | 1.0.5 | 10.88 | 394.29 | 405.17 | NOTE | |
r-devel-linux-x86_64-debian-gcc | 1.0.5 | 8.47 | 293.19 | 301.66 | NOTE | |
r-devel-linux-x86_64-fedora-clang | 1.0.5 | 479.72 | OK | |||
r-devel-linux-x86_64-fedora-gcc | 1.0.5 | 475.48 | OK | |||
r-devel-windows-x86_64 | 1.0.5 | 9.00 | 282.00 | 291.00 | OK | |
r-patched-linux-x86_64 | 1.0.5 | 8.09 | 370.66 | 378.75 | OK | |
r-release-linux-x86_64 | 1.0.5 | 6.54 | 375.53 | 382.07 | OK | |
r-release-macos-arm64 | 1.0.5 | 146.00 | OK | |||
r-release-macos-x86_64 | 1.0.5 | 293.00 | OK | |||
r-release-windows-x86_64 | 1.0.5 | 12.00 | 379.00 | 391.00 | OK | |
r-oldrel-macos-arm64 | 1.0.5 | 195.00 | OK | |||
r-oldrel-macos-x86_64 | 1.0.5 | 184.00 | OK | |||
r-oldrel-windows-x86_64 | 1.0.5 | 13.00 | 379.00 | 392.00 | OK |
Version: 1.0.5
Check: Rd files
Result: NOTE
checkRd: (-1) shade_confidence_interval.Rd:33: Lost braces; missing escapes or markup?
33 | \item{...}{Other arguments passed along to \\{ggplot2\\} functions.}
| ^
checkRd: (-1) shade_confidence_interval.Rd:36: Lost braces; missing escapes or markup?
36 | If added to an existing {infer} visualization, a \\{ggplot2\\}
| ^
checkRd: (-1) shade_confidence_interval.Rd:36: Lost braces; missing escapes or markup?
36 | If added to an existing {infer} visualization, a \\{ggplot2\\}
| ^
checkRd: (-1) shade_p_value.Rd:31: Lost braces; missing escapes or markup?
31 | \item{...}{Other arguments passed along to \\{ggplot2\\} functions.
| ^
checkRd: (-1) shade_p_value.Rd:35: Lost braces; missing escapes or markup?
35 | If added to an existing {infer} visualization, a \\{ggplot2\\}
| ^
checkRd: (-1) shade_p_value.Rd:35: Lost braces; missing escapes or markup?
35 | If added to an existing {infer} visualization, a \\{ggplot2\\}
| ^
checkRd: (-1) t_stat.Rd:46: Lost braces; missing escapes or markup?
46 | \item{...}{Pass in arguments to \\{infer\\} functions.}
| ^
checkRd: (-1) visualize.Rd:30: Lost braces; missing escapes or markup?
30 | \item{...}{Other arguments passed along to \\{ggplot2\\} functions.}
| ^
Flavors: r-devel-linux-x86_64-debian-clang, r-devel-linux-x86_64-debian-gcc