CRAN Package Check Results for Package influence.SEM

Last updated on 2024-07-24 20:52:24 CEST.

Flavor Version Tinstall Tcheck Ttotal Status Flags
r-devel-linux-x86_64-debian-clang 2.3 4.00 38.23 42.23 OK
r-devel-linux-x86_64-debian-gcc 2.3 3.08 29.22 32.30 NOTE
r-devel-linux-x86_64-fedora-clang 2.3 56.53 OK
r-devel-linux-x86_64-fedora-gcc 2.3 51.85 OK
r-devel-windows-x86_64 2.3 5.00 52.00 57.00 NOTE
r-patched-linux-x86_64 2.3 5.84 36.87 42.71 OK
r-release-linux-x86_64 2.3 3.52 37.38 40.90 OK
r-release-macos-arm64 2.3 25.00 OK
r-release-macos-x86_64 2.3 33.00 OK
r-release-windows-x86_64 2.3 4.00 51.00 55.00 OK
r-oldrel-macos-arm64 2.3 26.00 OK
r-oldrel-macos-x86_64 2.3 33.00 OK
r-oldrel-windows-x86_64 2.3 5.00 53.00 58.00 OK

Check Details

Version: 2.3
Check: Rd cross-references
Result: NOTE Found the following Rd file(s) with Rd \link{} targets missing package anchors: Deltachi.Rd: lavaan, sem Likedist.Rd: lavaan, sem fitinfluence.Rd: lavaan, sem genCookDist.Rd: lavaan, sem parinfluence.Rd: lavaan, sem Please provide package anchors for all Rd \link{} targets not in the package itself and the base packages. Flavors: r-devel-linux-x86_64-debian-gcc, r-devel-windows-x86_64