Last updated on 2023-12-10 18:52:14 CET.
Flavor | Version | Tinstall | Tcheck | Ttotal | Status | Flags |
---|---|---|---|---|---|---|
r-devel-linux-x86_64-debian-clang | 0.2.3 | 16.58 | 147.64 | 164.22 | NOTE | |
r-devel-linux-x86_64-debian-gcc | 0.2.3 | 13.31 | 108.30 | 121.61 | NOTE | |
r-devel-linux-x86_64-fedora-clang | 0.2.3 | 201.49 | NOTE | |||
r-devel-linux-x86_64-fedora-gcc | 0.2.3 | 200.88 | NOTE | |||
r-devel-windows-x86_64 | 0.2.3 | 14.00 | 110.00 | 124.00 | NOTE | |
r-patched-linux-x86_64 | 0.2.3 | 11.86 | 140.99 | 152.85 | NOTE | |
r-release-linux-x86_64 | 0.2.3 | 11.72 | 140.21 | 151.93 | NOTE | |
r-release-macos-arm64 | 0.2.3 | 66.00 | NOTE | |||
r-release-macos-x86_64 | 0.2.3 | 109.00 | NOTE | |||
r-release-windows-x86_64 | 0.2.3 | 19.00 | 148.00 | 167.00 | NOTE | |
r-oldrel-macos-arm64 | 0.2.3 | 62.00 | NOTE | |||
r-oldrel-macos-x86_64 | 0.2.3 | 93.00 | NOTE | |||
r-oldrel-windows-x86_64 | 0.2.3 | 20.00 | 149.00 | 169.00 | NOTE |
Version: 0.2.3
Check: LazyData
Result: NOTE
'LazyData' is specified without a 'data' directory
Flavors: r-devel-linux-x86_64-debian-clang, r-devel-linux-x86_64-debian-gcc, r-devel-linux-x86_64-fedora-clang, r-devel-linux-x86_64-fedora-gcc, r-devel-windows-x86_64, r-patched-linux-x86_64, r-release-linux-x86_64, r-release-macos-arm64, r-release-macos-x86_64, r-release-windows-x86_64, r-oldrel-macos-arm64, r-oldrel-macos-x86_64, r-oldrel-windows-x86_64