CRAN Package Check Results for Package interplot

Last updated on 2024-06-16 20:53:19 CEST.

Flavor Version Tinstall Tcheck Ttotal Status Flags
r-devel-linux-x86_64-debian-clang 0.2.3 15.23 153.44 168.67 NOTE
r-devel-linux-x86_64-debian-gcc 0.2.3 10.25 114.81 125.06 NOTE
r-devel-linux-x86_64-fedora-clang 0.2.3 219.84 NOTE
r-devel-linux-x86_64-fedora-gcc 0.2.3 216.70 NOTE
r-devel-windows-x86_64 0.2.3 14.00 109.00 123.00 NOTE
r-patched-linux-x86_64 0.2.3 13.12 145.37 158.49 NOTE
r-release-linux-x86_64 0.2.3 14.53 145.80 160.33 NOTE
r-release-macos-arm64 0.2.3 62.00 NOTE
r-release-macos-x86_64 0.2.3 88.00 NOTE
r-release-windows-x86_64 0.2.3 14.00 111.00 125.00 NOTE
r-oldrel-macos-arm64 0.2.3 66.00 NOTE
r-oldrel-macos-x86_64 0.2.3 109.00 NOTE
r-oldrel-windows-x86_64 0.2.3 18.00 136.00 154.00 NOTE

Check Details

Version: 0.2.3
Check: LazyData
Result: NOTE 'LazyData' is specified without a 'data' directory Flavors: r-devel-linux-x86_64-debian-clang, r-devel-linux-x86_64-debian-gcc, r-devel-linux-x86_64-fedora-clang, r-devel-linux-x86_64-fedora-gcc, r-devel-windows-x86_64, r-patched-linux-x86_64, r-release-linux-x86_64, r-release-macos-arm64, r-release-macos-x86_64, r-release-windows-x86_64, r-oldrel-macos-arm64, r-oldrel-macos-x86_64, r-oldrel-windows-x86_64