CRAN Package Check Results for Package itdr

Last updated on 2024-06-12 20:59:00 CEST.

Flavor Version Tinstall Tcheck Ttotal Status Flags
r-devel-linux-x86_64-debian-clang 2.0.1 11.55 961.73 973.28 OK
r-devel-linux-x86_64-debian-gcc 2.0.1 0.36 1.68 2.04 ERROR
r-devel-linux-x86_64-fedora-clang 2.0.1 1201.49 OK
r-devel-linux-x86_64-fedora-gcc 2.0.1 1069.26 OK
r-devel-windows-x86_64 2.0.1 13.00 603.00 616.00 OK
r-patched-linux-x86_64 2.0.1 11.68 868.35 880.03 OK
r-release-linux-x86_64 2.0.1 7.63 865.80 873.43 OK
r-release-macos-arm64 2.0.1 300.00 OK
r-release-macos-x86_64 2.0.1 522.00 OK
r-release-windows-x86_64 2.0.1 14.00 600.00 614.00 OK
r-oldrel-macos-arm64 2.0.1 327.00 OK
r-oldrel-macos-x86_64 2.0.1 837.00 OK
r-oldrel-windows-x86_64 2.0.1 16.00 789.00 805.00 OK

Check Details

Version: 2.0.1
Check: package dependencies
Result: ERROR Package required but not available: ‘tidyr’ Package suggested but not available for checking: ‘testthat’ See section ‘The DESCRIPTION file’ in the ‘Writing R Extensions’ manual. Flavor: r-devel-linux-x86_64-debian-gcc