CRAN Package Check Results for Package itsadug

Last updated on 2024-07-24 20:52:24 CEST.

Flavor Version Tinstall Tcheck Ttotal Status Flags
r-devel-linux-x86_64-debian-clang 2.4.1 17.07 132.93 150.00 OK
r-devel-linux-x86_64-debian-gcc 2.4.1 11.93 99.13 111.06 NOTE
r-devel-linux-x86_64-fedora-clang 2.4.1 183.21 OK
r-devel-linux-x86_64-fedora-gcc 2.4.1 340.67 OK
r-devel-windows-x86_64 2.4.1 14.00 124.00 138.00 NOTE
r-patched-linux-x86_64 2.4.1 19.90 130.08 149.98 OK
r-release-linux-x86_64 2.4.1 16.66 129.00 145.66 OK
r-release-macos-arm64 2.4.1 111.00 OK
r-release-macos-x86_64 2.4.1 173.00 OK
r-release-windows-x86_64 2.4.1 14.00 123.00 137.00 OK
r-oldrel-macos-arm64 2.4.1 117.00 OK
r-oldrel-macos-x86_64 2.4.1 208.00 OK
r-oldrel-windows-x86_64 2.4.1 18.00 141.00 159.00 OK

Check Details

Version: 2.4.1
Check: Rd cross-references
Result: NOTE Found the following Rd file(s) with Rd \link{} targets missing package anchors: fvisgam.Rd: gradientLegend plot_diff2.Rd: gradientLegend plot_parametric.Rd: dotplot_error plot_pca_surface.Rd: gradientLegend plot_topo.Rd: gradientLegend pvisgam.Rd: gradientLegend Please provide package anchors for all Rd \link{} targets not in the package itself and the base packages. Flavors: r-devel-linux-x86_64-debian-gcc, r-devel-windows-x86_64