Last updated on 2023-12-07 18:49:30 CET.
Flavor | Version | Tinstall | Tcheck | Ttotal | Status | Flags |
---|---|---|---|---|---|---|
r-devel-linux-x86_64-debian-clang | 1.0.1 | 8.61 | 62.94 | 71.55 | NOTE | |
r-devel-linux-x86_64-debian-gcc | 1.0.1 | 5.26 | 47.91 | 53.17 | NOTE | |
r-devel-linux-x86_64-fedora-clang | 1.0.1 | 87.39 | OK | |||
r-devel-linux-x86_64-fedora-gcc | 1.0.1 | 83.71 | OK | |||
r-devel-windows-x86_64 | 1.0.1 | 7.00 | 69.00 | 76.00 | OK | |
r-patched-linux-x86_64 | 1.0.1 | 7.98 | 63.03 | 71.01 | OK | |
r-release-linux-x86_64 | 1.0.1 | 7.17 | 61.90 | 69.07 | OK | |
r-release-macos-arm64 | 1.0.1 | 28.00 | OK | |||
r-release-macos-x86_64 | 1.0.1 | 47.00 | OK | |||
r-release-windows-x86_64 | 1.0.1 | 6.00 | 76.00 | 82.00 | OK | |
r-oldrel-macos-arm64 | 1.0.1 | 30.00 | OK | |||
r-oldrel-macos-x86_64 | 1.0.1 | 39.00 | OK | |||
r-oldrel-windows-x86_64 | 1.0.1 | 10.00 | 82.00 | 92.00 | OK |
Version: 1.0.1
Check: Rd files
Result: NOTE
checkRd: (-1) jmdem.control.Rd:42: Lost braces; missing escapes or markup?
42 | The control argument of \code{jmdem} is by default passed to the control argument of {jmdem.fit}, which uses its elements as arguments to {jmdem.control}: the latter provides defaults and sanity checking.
| ^
checkRd: (-1) jmdem.control.Rd:42: Lost braces; missing escapes or markup?
42 | The control argument of \code{jmdem} is by default passed to the control argument of {jmdem.fit}, which uses its elements as arguments to {jmdem.control}: the latter provides defaults and sanity checking.
| ^
Flavors: r-devel-linux-x86_64-debian-clang, r-devel-linux-x86_64-debian-gcc