Last updated on 2023-11-28 18:49:21 CET.
Flavor | Version | Tinstall | Tcheck | Ttotal | Status | Flags |
---|---|---|---|---|---|---|
r-devel-linux-x86_64-debian-clang | 1.4.3 | 42.24 | 249.69 | 291.93 | OK | |
r-devel-linux-x86_64-debian-gcc | 1.4.3 | 33.09 | 184.86 | 217.95 | OK | |
r-devel-linux-x86_64-fedora-clang | 1.4.3 | 359.76 | NOTE | |||
r-devel-linux-x86_64-fedora-gcc | 1.4.3 | 373.82 | OK | |||
r-devel-windows-x86_64 | 1.4.3 | 31.00 | 196.00 | 227.00 | OK | |
r-patched-linux-x86_64 | 1.4.3 | 35.72 | 234.79 | 270.51 | OK | |
r-release-linux-x86_64 | 1.4.3 | 29.80 | 236.24 | 266.04 | OK | |
r-release-macos-arm64 | 1.4.3 | 65.00 | OK | |||
r-release-macos-x86_64 | 1.4.3 | 101.00 | OK | |||
r-release-windows-x86_64 | 1.4.3 | 46.00 | 249.00 | 295.00 | OK | |
r-oldrel-macos-arm64 | 1.4.3 | 92.00 | OK | |||
r-oldrel-macos-x86_64 | 1.4.3 | 132.00 | OK | |||
r-oldrel-windows-x86_64 | 1.4.3 | 41.00 | 248.00 | 289.00 | OK |
Version: 1.4.3
Check: package dependencies
Result: NOTE
Imports includes 30 non-default packages.
Importing from so many packages makes the package vulnerable to any of
them becoming unavailable. Move as many as possible to Suggests and
use conditionally.
Flavor: r-devel-linux-x86_64-fedora-clang