CRAN Package Check Results for Package jsmodule

Last updated on 2024-06-19 21:50:06 CEST.

Flavor Version Tinstall Tcheck Ttotal Status Flags
r-devel-linux-x86_64-debian-clang 1.5.5 48.41 272.31 320.72 OK
r-devel-linux-x86_64-debian-gcc 1.5.5 35.72 197.17 232.89 OK
r-devel-linux-x86_64-fedora-clang 1.5.5 419.22 NOTE
r-devel-linux-x86_64-fedora-gcc 1.5.5 382.21 OK
r-devel-windows-x86_64 1.5.5 38.00 208.00 246.00 OK
r-patched-linux-x86_64 1.5.5 37.76 255.26 293.02 OK
r-release-linux-x86_64 1.5.5 33.91 258.19 292.10 OK
r-release-macos-arm64 1.5.5 64.00 OK
r-release-macos-x86_64 1.5.5 135.00 OK
r-release-windows-x86_64 1.5.5 34.00 206.00 240.00 OK
r-oldrel-macos-arm64 1.5.5 76.00 OK
r-oldrel-macos-x86_64 1.5.5 131.00 OK
r-oldrel-windows-x86_64 1.5.5 50.00 268.00 318.00 OK

Check Details

Version: 1.5.5
Check: package dependencies
Result: NOTE Imports includes 34 non-default packages. Importing from so many packages makes the package vulnerable to any of them becoming unavailable. Move as many as possible to Suggests and use conditionally. Flavor: r-devel-linux-x86_64-fedora-clang