CRAN Package Check Results for Package just.install

Last updated on 2024-06-13 20:49:14 CEST.

Flavor Version Tinstall Tcheck Ttotal Status Flags
r-devel-linux-x86_64-debian-clang 1.0.2 4.38 43.13 47.51 OK
r-devel-linux-x86_64-debian-gcc 1.0.2 0.27 1.67 1.94 ERROR
r-devel-linux-x86_64-fedora-clang 1.0.2 60.16 OK
r-devel-linux-x86_64-fedora-gcc 1.0.2 69.47 OK
r-devel-windows-x86_64 1.0.2 5.00 53.00 58.00 OK
r-patched-linux-x86_64 1.0.2 3.72 41.90 45.62 OK
r-release-linux-x86_64 1.0.2 4.54 40.36 44.90 OK
r-release-macos-arm64 1.0.2 28.00 OK
r-release-macos-x86_64 1.0.2 40.00 OK
r-release-windows-x86_64 1.0.2 5.00 60.00 65.00 OK
r-oldrel-macos-arm64 1.0.2 27.00 OK
r-oldrel-macos-x86_64 1.0.2 41.00 OK
r-oldrel-windows-x86_64 1.0.2 6.00 56.00 62.00 OK

Check Details

Version: 1.0.2
Check: package dependencies
Result: ERROR Package required but not available: ‘dplyr’ Package suggested but not available for checking: ‘tibble’ See section ‘The DESCRIPTION file’ in the ‘Writing R Extensions’ manual. Flavor: r-devel-linux-x86_64-debian-gcc