CRAN Package Check Results for Package karyotapR

Last updated on 2024-06-12 20:59:00 CEST.

Flavor Version Tinstall Tcheck Ttotal Status Flags
r-devel-linux-x86_64-debian-clang 1.0.1 42.91 416.07 458.98 OK
r-devel-linux-x86_64-debian-gcc 1.0.1 0.43 1.61 2.04 ERROR
r-devel-linux-x86_64-fedora-clang 1.0.1 575.67 OK
r-devel-linux-x86_64-fedora-gcc 1.0.1 370.74 OK
r-devel-windows-x86_64 1.0.1 32.00 284.00 316.00 OK
r-patched-linux-x86_64 1.0.1 34.05 397.95 432.00 OK
r-release-linux-x86_64 1.0.1 27.38 390.21 417.59 OK
r-release-macos-arm64 1.0.1 146.00 OK
r-release-macos-x86_64 1.0.1 245.00 OK
r-release-windows-x86_64 1.0.1 36.00 284.00 320.00 OK
r-oldrel-macos-arm64 1.0.1 153.00 OK
r-oldrel-macos-x86_64 1.0.1 428.00 OK
r-oldrel-windows-x86_64 1.0.1 47.00 377.00 424.00 OK

Check Details

Version: 1.0.1
Check: package dependencies
Result: ERROR Packages required but not available: 'dplyr', 'ggplot2', 'purrr', 'tibble', 'tidyr' Package suggested but not available for checking: ‘testthat’ See section ‘The DESCRIPTION file’ in the ‘Writing R Extensions’ manual. Flavor: r-devel-linux-x86_64-debian-gcc