Last updated on 2023-11-30 18:49:33 CET.
Flavor | Version | Tinstall | Tcheck | Ttotal | Status | Flags |
---|---|---|---|---|---|---|
r-devel-linux-x86_64-debian-clang | 0.2 | 2.21 | 21.24 | 23.45 | NOTE | |
r-devel-linux-x86_64-debian-gcc | 0.2 | 1.53 | 16.49 | 18.02 | NOTE | |
r-devel-linux-x86_64-fedora-clang | 0.2 | 29.17 | NOTE | |||
r-devel-linux-x86_64-fedora-gcc | 0.2 | 27.46 | NOTE | |||
r-devel-windows-x86_64 | 0.2 | 6.00 | 38.00 | 44.00 | NOTE | |
r-patched-linux-x86_64 | 0.2 | 1.88 | 20.98 | 22.86 | NOTE | |
r-release-linux-x86_64 | 0.2 | 2.03 | 20.65 | 22.68 | NOTE | |
r-release-macos-arm64 | 0.2 | 14.00 | NOTE | |||
r-release-macos-x86_64 | 0.2 | 18.00 | NOTE | |||
r-release-windows-x86_64 | 0.2 | 5.00 | 39.00 | 44.00 | NOTE | |
r-oldrel-macos-arm64 | 0.2 | 17.00 | NOTE | |||
r-oldrel-macos-x86_64 | 0.2 | 19.00 | NOTE | |||
r-oldrel-windows-x86_64 | 0.2 | 7.00 | 43.00 | 50.00 | NOTE |
Version: 0.2
Check: Rd files
Result: NOTE
checkRd: (-1) kdist.Rd:14: Lost braces; missing escapes or markup?
14 | The {kdist} functions dk, pk, qk and rk, calculates the K-distribution
| ^
Flavors: r-devel-linux-x86_64-debian-clang, r-devel-linux-x86_64-debian-gcc
Version: 0.2
Check: LazyData
Result: NOTE
'LazyData' is specified without a 'data' directory
Flavors: r-devel-linux-x86_64-debian-clang, r-devel-linux-x86_64-debian-gcc, r-devel-linux-x86_64-fedora-clang, r-devel-linux-x86_64-fedora-gcc, r-devel-windows-x86_64, r-patched-linux-x86_64, r-release-linux-x86_64, r-release-macos-arm64, r-release-macos-x86_64, r-release-windows-x86_64, r-oldrel-macos-arm64, r-oldrel-macos-x86_64, r-oldrel-windows-x86_64