CRAN Package Check Results for Package kfa

Last updated on 2024-06-13 20:49:14 CEST.

Flavor Version Tinstall Tcheck Ttotal Status Flags
r-devel-linux-x86_64-debian-clang 0.2.2 21.39 156.04 177.43 OK
r-devel-linux-x86_64-debian-gcc 0.2.2 0.27 1.71 1.98 ERROR
r-devel-linux-x86_64-fedora-clang 0.2.2 224.86 OK
r-devel-linux-x86_64-fedora-gcc 0.2.2 214.90 OK
r-devel-windows-x86_64 0.2.2 18.00 130.00 148.00 OK
r-patched-linux-x86_64 0.2.2 13.82 152.06 165.88 OK
r-release-linux-x86_64 0.2.2 12.73 151.04 163.77 OK
r-release-macos-arm64 0.2.2 56.00 OK
r-release-macos-x86_64 0.2.2 88.00 OK
r-release-windows-x86_64 0.2.2 19.00 131.00 150.00 OK
r-oldrel-macos-arm64 0.2.2 60.00 OK
r-oldrel-macos-x86_64 0.2.2 155.00 OK
r-oldrel-windows-x86_64 0.2.2 25.00 164.00 189.00 OK

Check Details

Version: 0.2.2
Check: package dependencies
Result: ERROR Packages required but not available: 'caret', 'simstandard' Package suggested but not available for checking: ‘semPlot’ See section ‘The DESCRIPTION file’ in the ‘Writing R Extensions’ manual. Flavor: r-devel-linux-x86_64-debian-gcc