Last updated on 2023-12-05 18:49:27 CET.
Flavor | Version | Tinstall | Tcheck | Ttotal | Status | Flags |
---|---|---|---|---|---|---|
r-devel-linux-x86_64-debian-clang | 0.10.2 | 15.49 | 133.45 | 148.94 | NOTE | |
r-devel-linux-x86_64-debian-gcc | 0.10.2 | 14.22 | 99.56 | 113.78 | NOTE | |
r-devel-linux-x86_64-fedora-clang | 0.10.2 | 184.03 | NOTE | |||
r-devel-linux-x86_64-fedora-gcc | 0.10.2 | 188.38 | NOTE | |||
r-devel-windows-x86_64 | 0.10.2 | 16.00 | 130.00 | 146.00 | OK | |
r-patched-linux-x86_64 | 0.10.2 | 10.36 | 122.15 | 132.51 | OK | |
r-release-linux-x86_64 | 0.10.2 | 10.28 | 124.79 | 135.07 | OK | |
r-release-macos-arm64 | 0.10.2 | 54.00 | OK | |||
r-release-macos-x86_64 | 0.10.2 | 78.00 | OK | |||
r-release-windows-x86_64 | 0.10.2 | 20.00 | 156.00 | 176.00 | OK | |
r-oldrel-macos-arm64 | 0.10.2 | 52.00 | NOTE | |||
r-oldrel-macos-x86_64 | 0.10.2 | 89.00 | NOTE | |||
r-oldrel-windows-x86_64 | 0.10.2 | 22.00 | 154.00 | 176.00 | OK |
Version: 0.10.2
Check: Rd files
Result: NOTE
checkRd: (-1) mount_appdata.Rd:10: Lost braces; missing escapes or markup?
10 | \item{x}{An object of class \code{KinPairData} or {KinPairSimulation}}
| ^
Flavors: r-devel-linux-x86_64-debian-clang, r-devel-linux-x86_64-debian-gcc
Version: 0.10.2
Check: dependencies in R code
Result: NOTE
Namespaces in Imports field not imported from:
‘fitdistrplus’ ‘plotly’
All declared Imports should be used.
Flavors: r-devel-linux-x86_64-fedora-clang, r-devel-linux-x86_64-fedora-gcc, r-oldrel-macos-arm64, r-oldrel-macos-x86_64