CRAN Package Check Results for Package knitrProgressBar

Last updated on 2023-12-09 18:54:20 CET.

Flavor Version Tinstall Tcheck Ttotal Status Flags
r-devel-linux-x86_64-debian-clang 1.1.0 5.44 32.38 37.82 NOTE
r-devel-linux-x86_64-debian-gcc 1.1.0 3.84 25.48 29.32 NOTE
r-devel-linux-x86_64-fedora-clang 1.1.0 46.38 NOTE
r-devel-linux-x86_64-fedora-gcc 1.1.0 55.60 NOTE
r-devel-windows-x86_64 1.1.0 4.00 56.00 60.00 NOTE
r-patched-linux-x86_64 1.1.0 5.27 31.91 37.18 NOTE
r-release-linux-x86_64 1.1.0 3.63 31.38 35.01 NOTE
r-release-macos-arm64 1.1.0 33.00 NOTE
r-release-macos-x86_64 1.1.0 44.00 NOTE
r-release-windows-x86_64 1.1.0 5.00 55.00 60.00 NOTE
r-oldrel-macos-arm64 1.1.0 28.00 NOTE
r-oldrel-macos-x86_64 1.1.0 34.00 NOTE
r-oldrel-windows-x86_64 1.1.0 6.00 58.00 64.00 NOTE

Check Details

Version: 1.1.0
Check: LazyData
Result: NOTE 'LazyData' is specified without a 'data' directory Flavors: r-devel-linux-x86_64-debian-clang, r-devel-linux-x86_64-debian-gcc, r-devel-linux-x86_64-fedora-clang, r-devel-linux-x86_64-fedora-gcc, r-devel-windows-x86_64, r-patched-linux-x86_64, r-release-linux-x86_64, r-release-macos-arm64, r-release-macos-x86_64, r-release-windows-x86_64, r-oldrel-macos-arm64, r-oldrel-macos-x86_64, r-oldrel-windows-x86_64

Version: 1.1.0
Check: for non-standard things in the check directory
Result: NOTE Found the following files/directories: ‘Killed after ’ Flavors: r-devel-linux-x86_64-debian-clang, r-devel-linux-x86_64-debian-gcc, r-devel-linux-x86_64-fedora-clang, r-devel-linux-x86_64-fedora-gcc, r-patched-linux-x86_64, r-release-linux-x86_64