CRAN Package Check Results for Package knitrProgressBar

Last updated on 2024-06-13 20:49:14 CEST.

Flavor Version Tinstall Tcheck Ttotal Status Flags
r-devel-linux-x86_64-debian-clang 1.1.0 5.33 34.46 39.79 NOTE
r-devel-linux-x86_64-debian-gcc 1.1.0 3.43 24.90 28.33 ERROR
r-devel-linux-x86_64-fedora-clang 1.1.0 51.64 NOTE
r-devel-linux-x86_64-fedora-gcc 1.1.0 61.19 NOTE
r-devel-windows-x86_64 1.1.0 5.00 56.00 61.00 NOTE
r-patched-linux-x86_64 1.1.0 4.29 33.05 37.34 NOTE
r-release-linux-x86_64 1.1.0 2.96 33.63 36.59 NOTE
r-release-macos-arm64 1.1.0 31.00 NOTE
r-release-macos-x86_64 1.1.0 45.00 NOTE
r-release-windows-x86_64 1.1.0 4.00 59.00 63.00 NOTE
r-oldrel-macos-arm64 1.1.0 33.00 NOTE
r-oldrel-macos-x86_64 1.1.0 44.00 NOTE
r-oldrel-windows-x86_64 1.1.0 5.00 57.00 62.00 NOTE

Check Details

Version: 1.1.0
Check: LazyData
Result: NOTE 'LazyData' is specified without a 'data' directory Flavors: r-devel-linux-x86_64-debian-clang, r-devel-linux-x86_64-debian-gcc, r-devel-linux-x86_64-fedora-clang, r-devel-linux-x86_64-fedora-gcc, r-devel-windows-x86_64, r-patched-linux-x86_64, r-release-linux-x86_64, r-release-macos-arm64, r-release-macos-x86_64, r-release-windows-x86_64, r-oldrel-macos-arm64, r-oldrel-macos-x86_64, r-oldrel-windows-x86_64

Version: 1.1.0
Check: for non-standard things in the check directory
Result: NOTE Found the following files/directories: ‘Killed after ’ Flavors: r-devel-linux-x86_64-debian-clang, r-devel-linux-x86_64-debian-gcc, r-devel-linux-x86_64-fedora-clang, r-devel-linux-x86_64-fedora-gcc, r-patched-linux-x86_64, r-release-linux-x86_64

Version: 1.1.0
Check: package dependencies
Result: NOTE Packages suggested but not available for checking: 'purrr', 'testthat' Flavor: r-devel-linux-x86_64-debian-gcc

Version: 1.1.0
Check: tests
Result: ERROR Running ‘testthat.R’ [0s/0s] Running the tests in ‘tests/testthat.R’ failed. Complete output: > library(testthat) Error in library(testthat) : there is no package called 'testthat' Execution halted Flavor: r-devel-linux-x86_64-debian-gcc

Version: 1.1.0
Check: re-building of vignette outputs
Result: ERROR Error(s) in re-building vignettes: ... --- re-building ‘example_progress_bars.Rmd’ using rmarkdown Quitting from lines 131-134 [test_pb_null] (example_progress_bars.Rmd) Error: processing vignette 'example_progress_bars.Rmd' failed with diagnostics: there is no package called 'purrr' --- failed re-building ‘example_progress_bars.Rmd’ --- re-building ‘multiprocessing.Rmd’ using rmarkdown --- finished re-building ‘multiprocessing.Rmd’ SUMMARY: processing the following file failed: ‘example_progress_bars.Rmd’ Error: Vignette re-building failed. Execution halted Flavor: r-devel-linux-x86_64-debian-gcc