Last updated on 2023-12-10 18:52:14 CET.
Flavor | Version | Tinstall | Tcheck | Ttotal | Status | Flags |
---|---|---|---|---|---|---|
r-devel-linux-x86_64-debian-clang | 2023.11-27 | 14.87 | 83.25 | 98.12 | OK | |
r-devel-linux-x86_64-debian-gcc | 2023.11-27 | 12.40 | 60.22 | 72.62 | OK | |
r-devel-linux-x86_64-fedora-clang | 2023.11-27 | 123.01 | OK | |||
r-devel-linux-x86_64-fedora-gcc | 2023.11-27 | 129.93 | OK | |||
r-devel-windows-x86_64 | 2023.11-27 | 18.00 | 88.00 | 106.00 | OK | |
r-patched-linux-x86_64 | 2023.11-27 | 15.65 | 81.23 | 96.88 | OK | |
r-release-linux-x86_64 | 2023.11-27 | 14.17 | 79.39 | 93.56 | OK | |
r-release-macos-arm64 | 2023.11-27 | 68.00 | OK | |||
r-release-macos-x86_64 | 2023.11-27 | 147.00 | OK | |||
r-release-windows-x86_64 | 2023.11-27 | 18.00 | 98.00 | 116.00 | OK | |
r-oldrel-macos-arm64 | 2023.11-27 | 40.00 | NOTE | |||
r-oldrel-macos-x86_64 | 2023.2-2 | 51.00 | OK | |||
r-oldrel-windows-x86_64 | 2023.11-27 | 20.00 | 98.00 | 118.00 | NOTE |
Version: 2023.11-27
Check: S3 generic/method consistency
Result: NOTE
Found the following apparent S3 methods exported but not registered:
coef.auc predict.auc print.auc summary.auc
See section ‘Registering S3 methods’ in the ‘Writing R Extensions’
manual.
Flavors: r-oldrel-macos-arm64, r-oldrel-windows-x86_64