Last updated on 2023-11-29 18:48:50 CET.
Flavor | Version | Tinstall | Tcheck | Ttotal | Status | Flags |
---|---|---|---|---|---|---|
r-devel-linux-x86_64-debian-clang | 1.2 | 17.03 | 162.00 | 179.03 | NOTE | |
r-devel-linux-x86_64-debian-gcc | 1.2 | 16.49 | 115.56 | 132.05 | NOTE | |
r-devel-linux-x86_64-fedora-clang | 1.2 | 222.42 | NOTE | |||
r-devel-linux-x86_64-fedora-gcc | 1.2 | 223.58 | NOTE | |||
r-devel-windows-x86_64 | 1.2 | 19.00 | 127.00 | 146.00 | NOTE | |
r-patched-linux-x86_64 | 1.2 | 16.99 | 148.27 | 165.26 | NOTE | |
r-release-linux-x86_64 | 1.2 | 13.86 | 149.58 | 163.44 | NOTE | |
r-release-macos-arm64 | 1.2 | 67.00 | NOTE | |||
r-release-macos-x86_64 | 1.2 | 109.00 | NOTE | |||
r-release-windows-x86_64 | 1.2 | 24.00 | 146.00 | 170.00 | NOTE | |
r-oldrel-macos-arm64 | 1.2 | 60.00 | NOTE | |||
r-oldrel-macos-x86_64 | 1.2 | 107.00 | NOTE | |||
r-oldrel-windows-x86_64 | 1.2 | 25.00 | 159.00 | 184.00 | NOTE |
Version: 1.2
Check: LazyData
Result: NOTE
'LazyData' is specified without a 'data' directory
Flavors: r-devel-linux-x86_64-debian-clang, r-devel-linux-x86_64-debian-gcc, r-devel-linux-x86_64-fedora-clang, r-devel-linux-x86_64-fedora-gcc, r-devel-windows-x86_64, r-patched-linux-x86_64, r-release-linux-x86_64, r-release-macos-arm64, r-release-macos-x86_64, r-release-windows-x86_64, r-oldrel-macos-arm64, r-oldrel-macos-x86_64, r-oldrel-windows-x86_64