CRAN Package Check Results for Package leafgl

Last updated on 2024-02-20 18:49:26 CET.

Flavor Version Tinstall Tcheck Ttotal Status Flags
r-devel-linux-x86_64-debian-clang 0.1.1 NOTE
r-devel-linux-x86_64-debian-gcc 0.1.1 3.66 34.02 37.68 NOTE
r-devel-linux-x86_64-fedora-clang 0.1.1 59.17 NOTE
r-devel-linux-x86_64-fedora-gcc 0.1.1 57.65 NOTE
r-devel-windows-x86_64 0.1.1 5.00 56.00 61.00 NOTE
r-patched-linux-x86_64 0.1.1 2.86 43.22 46.08 NOTE
r-release-linux-x86_64 0.1.1 2.70 42.82 45.52 NOTE
r-release-macos-arm64 0.1.1 22.00 NOTE
r-release-macos-x86_64 0.1.1 34.00 NOTE
r-release-windows-x86_64 0.1.1 6.00 61.00 67.00 NOTE
r-oldrel-macos-arm64 0.1.1 20.00 NOTE
r-oldrel-windows-x86_64 0.1.1 6.00 61.00 67.00 NOTE

Check Details

Version: 0.1.1
Check: LazyData
Result: NOTE 'LazyData' is specified without a 'data' directory Flavors: r-devel-linux-x86_64-debian-clang, r-devel-linux-x86_64-debian-gcc, r-devel-linux-x86_64-fedora-clang, r-devel-linux-x86_64-fedora-gcc, r-devel-windows-x86_64, r-patched-linux-x86_64, r-release-linux-x86_64, r-release-macos-arm64, r-release-macos-x86_64, r-release-windows-x86_64, r-oldrel-macos-arm64, r-oldrel-windows-x86_64