CRAN Package Check Results for Package leaps

Last updated on 2024-02-25 18:51:28 CET.

Flavor Version Tinstall Tcheck Ttotal Status Flags
r-devel-linux-x86_64-debian-clang 3.1 5.09 26.12 31.21 NOTE
r-devel-linux-x86_64-debian-gcc 3.1 3.41 20.27 23.68 NOTE
r-devel-linux-x86_64-fedora-clang 3.1 39.13 NOTE
r-devel-linux-x86_64-fedora-gcc 3.1 36.75 NOTE
r-devel-windows-x86_64 3.1 7.00 43.00 50.00 NOTE
r-patched-linux-x86_64 3.1 4.43 25.55 29.98 NOTE
r-release-linux-x86_64 3.1 4.77 25.74 30.51 NOTE
r-release-macos-arm64 3.1 19.00 NOTE
r-release-macos-x86_64 3.1 27.00 NOTE
r-release-windows-x86_64 3.1 8.00 44.00 52.00 NOTE
r-oldrel-macos-arm64 3.1 20.00 OK
r-oldrel-windows-x86_64 3.1 8.00 47.00 55.00 OK

Check Details

Version: 3.1
Check: Rd files
Result: NOTE checkRd: (-1) leaps.Rd:38: Escaped LaTeX specials: \& Flavors: r-devel-linux-x86_64-debian-clang, r-devel-linux-x86_64-debian-gcc, r-devel-linux-x86_64-fedora-clang, r-devel-linux-x86_64-fedora-gcc, r-devel-windows-x86_64, r-patched-linux-x86_64, r-release-linux-x86_64, r-release-macos-arm64, r-release-macos-x86_64, r-release-windows-x86_64

Version: 3.1
Check: compiled code
Result: NOTE File ‘leaps/libs/leaps.so’: Found no calls to: ‘R_registerRoutines’, ‘R_useDynamicSymbols’ It is good practice to register native routines and to disable symbol search. See ‘Writing portable packages’ in the ‘Writing R Extensions’ manual. Flavors: r-devel-linux-x86_64-fedora-clang, r-devel-linux-x86_64-fedora-gcc