Last updated on 2023-12-07 18:49:31 CET.
Flavor | Version | Tinstall | Tcheck | Ttotal | Status | Flags |
---|---|---|---|---|---|---|
r-devel-linux-x86_64-debian-clang | 0.4.3.1 | 12.20 | 131.49 | 143.69 | OK | |
r-devel-linux-x86_64-debian-gcc | 0.4.3.1 | 9.84 | 103.11 | 112.95 | OK | |
r-devel-linux-x86_64-fedora-clang | 0.4.3.1 | 189.28 | NOTE | |||
r-devel-linux-x86_64-fedora-gcc | 0.4.3.1 | 192.33 | OK | |||
r-devel-windows-x86_64 | 0.4.3.1 | 86.00 | 633.00 | 719.00 | NOTE | |
r-patched-linux-x86_64 | 0.4.3.1 | 11.28 | 132.10 | 143.38 | OK | |
r-release-linux-x86_64 | 0.4.3.1 | 12.08 | 130.59 | 142.67 | OK | |
r-release-macos-arm64 | 0.4.3.1 | 66.00 | NOTE | |||
r-release-macos-x86_64 | 0.4.3.1 | 214.00 | NOTE | |||
r-release-windows-x86_64 | 0.4.3.1 | 49.00 | 386.00 | 435.00 | NOTE | |
r-oldrel-macos-arm64 | 0.4.3.1 | 69.00 | NOTE | |||
r-oldrel-macos-x86_64 | 0.4.3 | 86.00 | NOTE | |||
r-oldrel-windows-x86_64 | 0.4.3.1 | 48.00 | 481.00 | 529.00 | NOTE |
Version: 0.4.3.1
Check: installed package size
Result: NOTE
installed size is 5.5Mb
sub-directories of 1Mb or more:
doc 5.3Mb
Flavors: r-devel-linux-x86_64-fedora-clang, r-devel-windows-x86_64, r-release-macos-arm64, r-release-macos-x86_64, r-release-windows-x86_64, r-oldrel-macos-arm64, r-oldrel-windows-x86_64
Version: 0.4.3
Check: installed package size
Result: NOTE
installed size is 6.0Mb
sub-directories of 1Mb or more:
doc 5.8Mb
Flavor: r-oldrel-macos-x86_64