CRAN Package Check Results for Package lgarch

Last updated on 2024-02-24 18:54:54 CET.

Flavor Version Tinstall Tcheck Ttotal Status Flags
r-devel-linux-x86_64-debian-clang 0.6-2 4.99 37.76 42.75 OK
r-devel-linux-x86_64-debian-gcc 0.6-2 4.43 30.17 34.60 OK
r-devel-linux-x86_64-fedora-clang 0.6-2 52.54 NOTE
r-devel-linux-x86_64-fedora-gcc 0.6-2 51.64 NOTE
r-devel-windows-x86_64 0.6-2 7.00 55.00 62.00 OK
r-patched-linux-x86_64 0.6-2 7.03 36.53 43.56 OK
r-release-linux-x86_64 0.6-2 5.76 37.28 43.04 OK
r-release-macos-arm64 0.6-2 24.00 OK
r-release-macos-x86_64 0.6-2 33.00 OK
r-release-windows-x86_64 0.6-2 8.00 58.00 66.00 OK
r-oldrel-macos-arm64 0.6-2 23.00 OK
r-oldrel-windows-x86_64 0.6-2 8.00 60.00 68.00 OK

Check Details

Version: 0.6-2
Check: compiled code
Result: NOTE File ‘lgarch/libs/lgarch.so’: Found no calls to: ‘R_registerRoutines’, ‘R_useDynamicSymbols’ It is good practice to register native routines and to disable symbol search. See ‘Writing portable packages’ in the ‘Writing R Extensions’ manual. Flavors: r-devel-linux-x86_64-fedora-clang, r-devel-linux-x86_64-fedora-gcc