CRAN Package Check Results for Package lgrExtra

Last updated on 2023-12-05 18:49:27 CET.

Flavor Version Tinstall Tcheck Ttotal Status Flags
r-devel-linux-x86_64-debian-clang 0.0.8 13.98 52.89 66.87 OK
r-devel-linux-x86_64-debian-gcc 0.0.8 12.26 40.42 52.68 OK
r-devel-linux-x86_64-fedora-clang 0.0.8 86.25 OK
r-devel-linux-x86_64-fedora-gcc 0.0.8 83.02 OK
r-devel-windows-x86_64 0.0.8 13.00 75.00 88.00 NOTE
r-patched-linux-x86_64 0.0.8 17.62 50.52 68.14 OK
r-release-linux-x86_64 0.0.8 13.48 49.97 63.45 OK
r-release-macos-arm64 0.0.8 31.00 OK
r-release-macos-x86_64 0.0.8 50.00 OK
r-release-windows-x86_64 0.0.8 15.00 78.00 93.00 NOTE
r-oldrel-macos-arm64 0.0.8 33.00 OK
r-oldrel-macos-x86_64 0.0.8 37.00 OK
r-oldrel-windows-x86_64 0.0.8 18.00 85.00 103.00 NOTE

Check Details

Version: 0.0.8
Check: package dependencies
Result: NOTE Package suggested but not available for checking: 'rsyslog' Flavors: r-devel-windows-x86_64, r-release-windows-x86_64, r-oldrel-windows-x86_64