Last updated on 2023-12-09 18:54:21 CET.
Flavor | Version | Tinstall | Tcheck | Ttotal | Status | Flags |
---|---|---|---|---|---|---|
r-devel-linux-x86_64-debian-clang | 4.0.4 | 147.58 | 612.34 | 759.92 | OK | |
r-devel-linux-x86_64-debian-gcc | 4.0.4 | 121.80 | 448.27 | 570.07 | OK | |
r-devel-linux-x86_64-fedora-clang | 4.0.4 | 999.99 | OK | |||
r-devel-linux-x86_64-fedora-gcc | 4.0.4 | 1004.46 | OK | |||
r-devel-windows-x86_64 | 4.0.4 | 131.00 | 435.00 | 566.00 | NOTE | |
r-patched-linux-x86_64 | 4.0.4 | 117.72 | 596.68 | 714.40 | OK | |
r-release-linux-x86_64 | 4.0.4 | 130.35 | 583.64 | 713.99 | OK | |
r-release-macos-arm64 | 4.0.4 | 263.00 | NOTE | |||
r-release-macos-x86_64 | 4.0.4 | 479.00 | NOTE | |||
r-release-windows-x86_64 | 4.0.4 | 169.00 | 606.00 | 775.00 | NOTE | |
r-oldrel-macos-arm64 | 4.0.4 | 218.00 | NOTE | |||
r-oldrel-macos-x86_64 | 4.0.4 | 320.00 | NOTE | |||
r-oldrel-windows-x86_64 | 4.0.4 | 163.00 | 550.00 | 713.00 | NOTE |
Version: 4.0.4
Check: installed package size
Result: NOTE
installed size is 5.6Mb
sub-directories of 1Mb or more:
R 1.2Mb
doc 1.0Mb
extdata 1.1Mb
libs 1.7Mb
Flavors: r-devel-windows-x86_64, r-release-macos-arm64, r-release-macos-x86_64, r-release-windows-x86_64, r-oldrel-macos-arm64, r-oldrel-macos-x86_64, r-oldrel-windows-x86_64