CRAN Package Check Results for Package linERR

Last updated on 2024-06-19 21:50:07 CEST.

Flavor Version Tinstall Tcheck Ttotal Status Flags
r-devel-linux-x86_64-debian-clang 1.0 9.07 87.70 96.77 OK
r-devel-linux-x86_64-debian-gcc 1.0 5.06 66.25 71.31 OK
r-devel-linux-x86_64-fedora-clang 1.0 116.39 NOTE
r-devel-linux-x86_64-fedora-gcc 1.0 114.49 NOTE
r-devel-windows-x86_64 1.0 10.00 84.00 94.00 OK
r-patched-linux-x86_64 1.0 8.38 83.57 91.95 OK
r-release-linux-x86_64 1.0 6.63 83.73 90.36 OK
r-release-macos-arm64 1.0 40.00 OK
r-release-macos-x86_64 1.0 76.00 OK
r-release-windows-x86_64 1.0 11.00 88.00 99.00 OK
r-oldrel-macos-arm64 1.0 44.00 OK
r-oldrel-macos-x86_64 1.0 69.00 OK
r-oldrel-windows-x86_64 1.0 11.00 100.00 111.00 OK

Check Details

Version: 1.0
Check: compiled code
Result: NOTE File ‘linERR/libs/linERR.so’: Found no calls to: ‘R_registerRoutines’, ‘R_useDynamicSymbols’ It is good practice to register native routines and to disable symbol search. See ‘Writing portable packages’ in the ‘Writing R Extensions’ manual. Flavors: r-devel-linux-x86_64-fedora-clang, r-devel-linux-x86_64-fedora-gcc