Last updated on 2023-11-30 18:49:34 CET.
Flavor | Version | Tinstall | Tcheck | Ttotal | Status | Flags |
---|---|---|---|---|---|---|
r-devel-linux-x86_64-debian-clang | 1.0 | 7.13 | 86.63 | 93.76 | OK | |
r-devel-linux-x86_64-debian-gcc | 1.0 | 6.05 | 67.10 | 73.15 | OK | |
r-devel-linux-x86_64-fedora-clang | 1.0 | 123.94 | NOTE | |||
r-devel-linux-x86_64-fedora-gcc | 1.0 | 114.10 | NOTE | |||
r-devel-windows-x86_64 | 1.0 | 10.00 | 88.00 | 98.00 | OK | |
r-patched-linux-x86_64 | 1.0 | 8.86 | 84.94 | 93.80 | OK | |
r-release-linux-x86_64 | 1.0 | 9.20 | 85.74 | 94.94 | OK | |
r-release-macos-arm64 | 1.0 | 44.00 | OK | |||
r-release-macos-x86_64 | 1.0 | 69.00 | OK | |||
r-release-windows-x86_64 | 1.0 | 12.00 | 94.00 | 106.00 | OK | |
r-oldrel-macos-arm64 | 1.0 | 44.00 | OK | |||
r-oldrel-macos-x86_64 | 1.0 | 53.00 | OK | |||
r-oldrel-windows-x86_64 | 1.0 | 11.00 | 97.00 | 108.00 | OK |
Version: 1.0
Check: compiled code
Result: NOTE
File ‘linERR/libs/linERR.so’:
Found no calls to: ‘R_registerRoutines’, ‘R_useDynamicSymbols’
It is good practice to register native routines and to disable symbol
search.
See ‘Writing portable packages’ in the ‘Writing R Extensions’ manual.
Flavors: r-devel-linux-x86_64-fedora-clang, r-devel-linux-x86_64-fedora-gcc