CRAN Package Check Results for Package lineartestr

Last updated on 2023-12-10 18:52:15 CET.

Flavor Version Tinstall Tcheck Ttotal Status Flags
r-devel-linux-x86_64-debian-clang 1.0.0 2.15 37.56 39.71 NOTE
r-devel-linux-x86_64-debian-gcc 1.0.0 1.84 28.83 30.67 NOTE
r-devel-linux-x86_64-fedora-clang 1.0.0 50.11 NOTE
r-devel-linux-x86_64-fedora-gcc 1.0.0 47.36 NOTE
r-devel-windows-x86_64 1.0.0 4.00 57.00 61.00 NOTE
r-patched-linux-x86_64 1.0.0 2.18 36.28 38.46 NOTE
r-release-linux-x86_64 1.0.0 1.68 36.11 37.79 NOTE
r-release-macos-arm64 1.0.0 20.00 NOTE
r-release-macos-x86_64 1.0.0 28.00 NOTE
r-release-windows-x86_64 1.0.0 4.00 59.00 63.00 NOTE
r-oldrel-macos-arm64 1.0.0 16.00 NOTE
r-oldrel-macos-x86_64 1.0.0 35.00 NOTE
r-oldrel-windows-x86_64 1.0.0 4.00 64.00 68.00 NOTE

Check Details

Version: 1.0.0
Check: LazyData
Result: NOTE 'LazyData' is specified without a 'data' directory Flavors: r-devel-linux-x86_64-debian-clang, r-devel-linux-x86_64-debian-gcc, r-devel-linux-x86_64-fedora-clang, r-devel-linux-x86_64-fedora-gcc, r-devel-windows-x86_64, r-patched-linux-x86_64, r-release-linux-x86_64, r-release-macos-arm64, r-release-macos-x86_64, r-release-windows-x86_64, r-oldrel-macos-arm64, r-oldrel-macos-x86_64, r-oldrel-windows-x86_64