CRAN Package Check Results for Package linguisticsdown

Last updated on 2024-02-24 18:54:54 CET.

Flavor Version Tinstall Tcheck Ttotal Status Flags
r-devel-linux-x86_64-debian-clang 1.2.0 5.29 42.63 47.92 NOTE
r-devel-linux-x86_64-debian-gcc 1.2.0 4.31 32.74 37.05 NOTE
r-devel-linux-x86_64-fedora-clang 1.2.0 58.99 NOTE
r-devel-linux-x86_64-fedora-gcc 1.2.0 56.38 NOTE
r-devel-windows-x86_64 1.2.0 6.00 54.00 60.00 NOTE
r-patched-linux-x86_64 1.2.0 3.21 41.44 44.65 NOTE
r-release-linux-x86_64 1.2.0 3.04 41.47 44.51 NOTE
r-release-macos-arm64 1.2.0 24.00 NOTE
r-release-macos-x86_64 1.2.0 32.00 NOTE
r-release-windows-x86_64 1.2.0 8.00 59.00 67.00 NOTE
r-oldrel-macos-arm64 1.2.0 19.00 NOTE
r-oldrel-windows-x86_64 1.2.0 8.00 65.00 73.00 NOTE

Check Details

Version: 1.2.0
Check: LazyData
Result: NOTE 'LazyData' is specified without a 'data' directory Flavors: r-devel-linux-x86_64-debian-clang, r-devel-linux-x86_64-debian-gcc, r-devel-linux-x86_64-fedora-clang, r-devel-linux-x86_64-fedora-gcc, r-devel-windows-x86_64, r-patched-linux-x86_64, r-release-linux-x86_64, r-release-macos-arm64, r-release-macos-x86_64, r-release-windows-x86_64, r-oldrel-macos-arm64, r-oldrel-windows-x86_64