Last updated on 2023-12-05 18:49:28 CET.
Flavor | Version | Tinstall | Tcheck | Ttotal | Status | Flags |
---|---|---|---|---|---|---|
r-devel-linux-x86_64-debian-clang | 0.2.0 | 11.14 | 90.00 | 101.14 | NOTE | |
r-devel-linux-x86_64-debian-gcc | 0.2.0 | 9.66 | 67.36 | 77.02 | NOTE | |
r-devel-linux-x86_64-fedora-clang | 0.2.0 | 122.43 | NOTE | |||
r-devel-linux-x86_64-fedora-gcc | 0.2.0 | 117.91 | NOTE | |||
r-devel-windows-x86_64 | 0.2.0 | 11.00 | 86.00 | 97.00 | NOTE | |
r-patched-linux-x86_64 | 0.2.0 | 8.09 | 85.53 | 93.62 | NOTE | |
r-release-linux-x86_64 | 0.2.0 | 8.92 | 85.78 | 94.70 | NOTE | |
r-release-macos-arm64 | 0.2.0 | 39.00 | NOTE | |||
r-release-macos-x86_64 | 0.2.0 | 61.00 | NOTE | |||
r-release-windows-x86_64 | 0.2.0 | 14.00 | 99.00 | 113.00 | NOTE | |
r-oldrel-macos-arm64 | 0.2.0 | 36.00 | NOTE | |||
r-oldrel-macos-x86_64 | 0.2.0 | 65.00 | NOTE | |||
r-oldrel-windows-x86_64 | 0.2.0 | 16.00 | 108.00 | 124.00 | NOTE |
Version: 0.2.0
Check: LazyData
Result: NOTE
'LazyData' is specified without a 'data' directory
Flavors: r-devel-linux-x86_64-debian-clang, r-devel-linux-x86_64-debian-gcc, r-devel-linux-x86_64-fedora-clang, r-devel-linux-x86_64-fedora-gcc, r-devel-windows-x86_64, r-patched-linux-x86_64, r-release-linux-x86_64, r-release-macos-arm64, r-release-macos-x86_64, r-release-windows-x86_64, r-oldrel-macos-arm64, r-oldrel-macos-x86_64, r-oldrel-windows-x86_64
Version: 0.2.0
Check: dependencies in R code
Result: NOTE
Namespace in Imports field not imported from: ‘shinyjs’
All declared Imports should be used.
Flavors: r-devel-linux-x86_64-fedora-clang, r-devel-linux-x86_64-fedora-gcc, r-oldrel-macos-arm64, r-oldrel-macos-x86_64