CRAN Package Check Results for Package localICE

Last updated on 2023-12-06 18:52:49 CET.

Flavor Version Tinstall Tcheck Ttotal Status Flags
r-devel-linux-x86_64-debian-clang 0.1.1 4.70 53.39 58.09 NOTE
r-devel-linux-x86_64-debian-gcc 0.1.1 4.32 40.16 44.48 NOTE
r-devel-linux-x86_64-fedora-clang 0.1.1 72.08 NOTE
r-devel-linux-x86_64-fedora-gcc 0.1.1 67.32 NOTE
r-devel-windows-x86_64 0.1.1 6.00 58.00 64.00 NOTE
r-patched-linux-x86_64 0.1.1 4.06 50.20 54.26 NOTE
r-release-linux-x86_64 0.1.1 4.93 50.72 55.65 NOTE
r-release-macos-arm64 0.1.1 29.00 NOTE
r-release-macos-x86_64 0.1.1 39.00 NOTE
r-release-windows-x86_64 0.1.1 8.00 65.00 73.00 NOTE
r-oldrel-macos-arm64 0.1.1 26.00 NOTE
r-oldrel-macos-x86_64 0.1.1 45.00 NOTE
r-oldrel-windows-x86_64 0.1.1 7.00 72.00 79.00 NOTE

Check Details

Version: 0.1.1
Check: LazyData
Result: NOTE 'LazyData' is specified without a 'data' directory Flavors: r-devel-linux-x86_64-debian-clang, r-devel-linux-x86_64-debian-gcc, r-devel-linux-x86_64-fedora-clang, r-devel-linux-x86_64-fedora-gcc, r-devel-windows-x86_64, r-patched-linux-x86_64, r-release-linux-x86_64, r-release-macos-arm64, r-release-macos-x86_64, r-release-windows-x86_64, r-oldrel-macos-arm64, r-oldrel-macos-x86_64, r-oldrel-windows-x86_64

Version: 0.1.1
Check: dependencies in R code
Result: NOTE Namespace in Imports field not imported from: ‘checkmate’ All declared Imports should be used. Flavors: r-devel-linux-x86_64-fedora-clang, r-devel-linux-x86_64-fedora-gcc, r-oldrel-macos-arm64, r-oldrel-macos-x86_64