Last updated on 2025-01-24 18:49:46 CET.
Flavor | Version | Tinstall | Tcheck | Ttotal | Status | Flags |
---|---|---|---|---|---|---|
r-devel-linux-x86_64-debian-clang | 1.0.11 | 60.52 | 127.71 | 188.23 | OK | |
r-devel-linux-x86_64-debian-gcc | 1.0.11 | 52.38 | 88.01 | 140.39 | OK | |
r-devel-linux-x86_64-fedora-clang | 1.0.11 | 319.57 | OK | |||
r-devel-linux-x86_64-fedora-gcc | 1.0.11 | 372.63 | OK | |||
r-devel-windows-x86_64 | 1.0.11 | 62.00 | 160.00 | 222.00 | OK | |
r-patched-linux-x86_64 | 1.0.11 | 73.02 | 124.65 | 197.67 | OK | |
r-release-linux-x86_64 | 1.0.11 | 71.68 | 122.30 | 193.98 | OK | |
r-release-macos-arm64 | 1.0.11 | 84.00 | NOTE | |||
r-release-macos-x86_64 | 1.0.11 | 127.00 | NOTE | |||
r-release-windows-x86_64 | 1.0.11 | 64.00 | 154.00 | 218.00 | OK | |
r-oldrel-macos-arm64 | 1.0.11 | 112.00 | NOTE | |||
r-oldrel-macos-x86_64 | 1.0.11 | 296.00 | NOTE | |||
r-oldrel-windows-x86_64 | 1.0.11 | 62.00 | 187.00 | 249.00 | OK |
Version: 1.0.11
Check: installed package size
Result: NOTE
installed size is 33.7Mb
sub-directories of 1Mb or more:
doc 1.7Mb
libs 31.7Mb
Flavors: r-release-macos-arm64, r-release-macos-x86_64, r-oldrel-macos-arm64, r-oldrel-macos-x86_64