Last updated on 2023-11-29 18:48:51 CET.
Flavor | Version | Tinstall | Tcheck | Ttotal | Status | Flags |
---|---|---|---|---|---|---|
r-devel-linux-x86_64-debian-clang | 0.41 | 9.00 | 49.93 | 58.93 | OK | |
r-devel-linux-x86_64-debian-gcc | 0.41 | 7.10 | 39.63 | 46.73 | OK | |
r-devel-linux-x86_64-fedora-clang | 0.41 | 74.05 | NOTE | |||
r-devel-linux-x86_64-fedora-gcc | 0.41 | 71.49 | NOTE | |||
r-devel-windows-x86_64 | 0.41 | 11.00 | 73.00 | 84.00 | OK | |
r-patched-linux-x86_64 | 0.41 | 8.23 | 48.53 | 56.76 | OK | |
r-release-linux-x86_64 | 0.41 | 9.10 | 49.11 | 58.21 | OK | |
r-release-macos-arm64 | 0.41 | 31.00 | OK | |||
r-release-macos-x86_64 | 0.41 | 43.00 | OK | |||
r-release-windows-x86_64 | 0.41 | 14.00 | 76.00 | 90.00 | OK | |
r-oldrel-macos-arm64 | 0.41 | 33.00 | OK | |||
r-oldrel-macos-x86_64 | 0.41 | 46.00 | OK | |||
r-oldrel-windows-x86_64 | 0.41 | 14.00 | 75.00 | 89.00 | OK |
Version: 0.41
Check: compiled code
Result: NOTE
File ‘localgauss/libs/localgauss.so’:
Found no calls to: ‘R_registerRoutines’, ‘R_useDynamicSymbols’
It is good practice to register native routines and to disable symbol
search.
See ‘Writing portable packages’ in the ‘Writing R Extensions’ manual.
Flavors: r-devel-linux-x86_64-fedora-clang, r-devel-linux-x86_64-fedora-gcc