CRAN Package Check Results for Package longreadvqs

Last updated on 2024-06-12 20:59:01 CEST.

Flavor Version Tinstall Tcheck Ttotal Status Flags
r-devel-linux-x86_64-debian-clang 0.1.2 31.28 384.97 416.25 OK
r-devel-linux-x86_64-debian-gcc 0.1.2 0.57 1.73 2.30 ERROR
r-devel-linux-x86_64-fedora-clang 0.1.2 515.63 OK
r-devel-linux-x86_64-fedora-gcc 0.1.2 346.02 OK
r-devel-windows-x86_64 0.1.2 20.00 272.00 292.00 OK
r-patched-linux-x86_64 0.1.2 19.49 369.19 388.68 OK
r-release-linux-x86_64 0.1.2 25.39 365.99 391.38 OK
r-release-macos-arm64 0.1.2 5.00 ERROR
r-release-macos-x86_64 0.1.2 6.00 ERROR
r-release-windows-x86_64 0.1.2 22.00 267.00 289.00 OK
r-oldrel-macos-arm64 0.1.2 10.00 ERROR
r-oldrel-macos-x86_64 0.1.2 11.00 ERROR
r-oldrel-windows-x86_64 0.1.2 27.00 343.00 370.00 OK

Check Details

Version: 0.1.2
Check: package dependencies
Result: ERROR Packages required but not available: 'cowplot', 'dplyr', 'ggplot2', 'ggpubr', 'purrr', 'reshape2', 'stringr', 'tibble', 'tidyr' Package suggested but not available for checking: ‘testthat’ See section ‘The DESCRIPTION file’ in the ‘Writing R Extensions’ manual. Flavor: r-devel-linux-x86_64-debian-gcc

Version: 0.1.2
Check: package dependencies
Result: ERROR Package required but not available: ‘QSutils’ See section ‘The DESCRIPTION file’ in the ‘Writing R Extensions’ manual. Flavors: r-release-macos-arm64, r-release-macos-x86_64, r-oldrel-macos-arm64, r-oldrel-macos-x86_64